{"id":13930,"date":"2023-10-02T16:38:50","date_gmt":"2023-10-02T14:38:50","guid":{"rendered":"http:\/\/localhost\/safer\/?post_type=product&#038;p=13930"},"modified":"2023-12-08T17:00:25","modified_gmt":"2023-12-08T16:00:25","slug":"ajax-keypad-clavier-sans-fil-bidirectionnel","status":"publish","type":"product","link":"https:\/\/www.safer-security.net\/?product=ajax-keypad-clavier-sans-fil-bidirectionnel","title":{"rendered":"AJAX | KEYPAD CLAVIER SANS FIL BIDIRECTIONNEL"},"content":{"rendered":"<table class=\"specs\" border=\"0\" cellspacing=\"0\" cellpadding=\"0\">\n<tbody>\n<tr class=\"table-data\" align=\"left\" valign=\"middle\">\n<td width=\"30%\" height=\"22\"><strong>Marque<\/strong><\/td>\n<td width=\"70%\" height=\"22\">Ajax<\/td>\n<\/tr>\n<tr class=\"table-data\" align=\"left\" valign=\"middle\">\n<td width=\"30%\" height=\"22\"><strong>Grade de s\u00e9curit\u00e9<\/strong><\/td>\n<td width=\"70%\" height=\"22\">Degr\u00e9 2<\/td>\n<\/tr>\n<tr class=\"table-data\" align=\"left\" valign=\"middle\">\n<td width=\"30%\" height=\"22\"><strong>Fontions<\/strong><\/td>\n<td width=\"70%\" height=\"22\">Armement, d\u00e9sarmement, armement partiel et d&rsquo;urgence<\/td>\n<\/tr>\n<tr class=\"table-data\" align=\"left\" valign=\"middle\">\n<td width=\"30%\" height=\"22\"><strong>Fr\u00e9quence<\/strong><\/td>\n<td width=\"70%\" height=\"22\">868 MHz Jeweller<\/td>\n<\/tr>\n<tr class=\"table-data\" align=\"left\" valign=\"middle\">\n<td width=\"30%\" height=\"22\"><strong>Distance de transmission<\/strong><\/td>\n<td width=\"70%\" height=\"22\">\u2264 1700 m en espace ouvert<\/td>\n<\/tr>\n<tr class=\"table-data\" align=\"left\" valign=\"middle\">\n<td width=\"30%\" height=\"22\"><strong>Compatibilit\u00e9<\/strong><\/td>\n<td width=\"70%\" height=\"22\">Compatible avec le HUB de Ajax depuis la version de firmware 2.0 ou sup\u00e9rieure<\/td>\n<\/tr>\n<tr class=\"table-data\" align=\"left\" valign=\"middle\">\n<td width=\"30%\" height=\"22\"><strong>Batterie<\/strong><\/td>\n<td width=\"70%\" height=\"22\">4 piles AAA 1.5 V (dur\u00e9e approx 2 ann\u00e9es)<\/td>\n<\/tr>\n<tr class=\"table-data\" align=\"left\" valign=\"middle\">\n<td width=\"30%\" height=\"22\"><strong>Mat\u00e9riel de l&rsquo;enveloppe ext\u00e9rieure<\/strong><\/td>\n<td width=\"70%\" height=\"22\">Plastique ABS<\/td>\n<\/tr>\n<tr class=\"table-data\" align=\"left\" valign=\"middle\">\n<td width=\"30%\" height=\"22\"><strong>Temp. fonctionnement<\/strong><\/td>\n<td width=\"70%\" height=\"22\">-10\u00ba C ~ 50\u00ba C<\/td>\n<\/tr>\n<tr class=\"table-data\" align=\"left\" valign=\"middle\">\n<td width=\"30%\" height=\"22\"><strong>Dimensions<\/strong><\/td>\n<td width=\"70%\" height=\"22\">150 (H) x 102.5 (L) x 13.2 (Pr) mm<\/td>\n<\/tr>\n<\/tbody>\n<\/table>\n","protected":false},"excerpt":{"rendered":"<p>Ajax<br \/>\nClavier ind\u00e9pendant<br \/>\nBidirectionnel<br \/>\nCertificat de grade 2<br \/>\nSans fil 868 MHz Jeweller<br \/>\nAntenne interne port\u00e9e de jusqu&rsquo;\u00e0 1700 m en champs libre<br \/>\nTamper anti-ouverture<br \/>\nPermet l&rsquo;armement total\/partiel\/desarmement par code<br \/>\nUtilis\u00e9 pour prot\u00e9ger le panneau dans un lieu s\u00fbr<br \/>\nIndicateur LED d&rsquo;\u00e9tat du syst\u00e8me<br \/>\nAlimentation 4 Piles AAA 1.5 V Lithium (dur\u00e9e estim\u00e9e 2 ann\u00e9es)<br \/>\nUtilisation int\u00e9rieure<br \/>\nInclus support<br \/>\nCouleur blanche<\/p>\n","protected":false},"featured_media":13931,"comment_status":"open","ping_status":"closed","template":"","meta":[],"product_cat":[237,238],"product_tag":[272],"class_list":{"0":"post-13930","1":"product","2":"type-product","3":"status-publish","4":"has-post-thumbnail","6":"product_cat-alarme","7":"product_cat-securite-surveillance","8":"product_tag-clavier","9":"product_brand-ajax","11":"first","12":"instock","13":"taxable","14":"shipping-taxable","15":"product-type-simple"},"_links":{"self":[{"href":"https:\/\/www.safer-security.net\/index.php?rest_route=\/wp\/v2\/product\/13930","targetHints":{"allow":["GET"]}}],"collection":[{"href":"https:\/\/www.safer-security.net\/index.php?rest_route=\/wp\/v2\/product"}],"about":[{"href":"https:\/\/www.safer-security.net\/index.php?rest_route=\/wp\/v2\/types\/product"}],"replies":[{"embeddable":true,"href":"https:\/\/www.safer-security.net\/index.php?rest_route=%2Fwp%2Fv2%2Fcomments&post=13930"}],"version-history":[{"count":2,"href":"https:\/\/www.safer-security.net\/index.php?rest_route=\/wp\/v2\/product\/13930\/revisions"}],"predecessor-version":[{"id":14391,"href":"https:\/\/www.safer-security.net\/index.php?rest_route=\/wp\/v2\/product\/13930\/revisions\/14391"}],"wp:featuredmedia":[{"embeddable":true,"href":"https:\/\/www.safer-security.net\/index.php?rest_route=\/wp\/v2\/media\/13931"}],"wp:attachment":[{"href":"https:\/\/www.safer-security.net\/index.php?rest_route=%2Fwp%2Fv2%2Fmedia&parent=13930"}],"wp:term":[{"taxonomy":"product_cat","embeddable":true,"href":"https:\/\/www.safer-security.net\/index.php?rest_route=%2Fwp%2Fv2%2Fproduct_cat&post=13930"},{"taxonomy":"product_tag","embeddable":true,"href":"https:\/\/www.safer-security.net\/index.php?rest_route=%2Fwp%2Fv2%2Fproduct_tag&post=13930"}],"curies":[{"name":"wp","href":"https:\/\/api.w.org\/{rel}","templated":true}]}}