{"id":13993,"date":"2023-10-02T17:43:02","date_gmt":"2023-10-02T15:43:02","guid":{"rendered":"http:\/\/localhost\/safer\/?post_type=product&#038;p=13993"},"modified":"2026-03-11T03:14:55","modified_gmt":"2026-03-11T02:14:55","slug":"amc-contact-magnetique-encastree-de-25mm","status":"publish","type":"product","link":"https:\/\/www.safer-security.net\/?product=amc-contact-magnetique-encastree-de-25mm","title":{"rendered":"AMC | CONTACT MAGNETIQUE ENCASTREE DE 25MM"},"content":{"rendered":"<ul>\n<li>CONTACT EN\u00a0PLASTIQUE ENCASTRE SENSOR OKI DISTANCE DE DETECTION 40 MM<\/li>\n<\/ul>\n","protected":false},"excerpt":{"rendered":"<ul>\n<li class=\"product-reference\"><label class=\"label\">R\u00e9f\u00e9rence<\/label>\u00a0ER136<\/li>\n<\/ul>\n<section class=\"product-features\">\n<ul>\n<li class=\"h6\">R\u00e9f\u00e9rences Sp\u00e9cifiques<\/li>\n<\/ul>\n<\/section>\n","protected":false},"featured_media":13994,"comment_status":"open","ping_status":"closed","template":"","meta":[],"product_cat":[237,238],"product_tag":[270],"class_list":{"0":"post-13993","1":"product","2":"type-product","3":"status-publish","4":"has-post-thumbnail","6":"product_cat-alarme","7":"product_cat-securite-surveillance","8":"product_tag-contact","9":"product_brand-amc","11":"first","12":"instock","13":"taxable","14":"shipping-taxable","15":"product-type-simple"},"_links":{"self":[{"href":"https:\/\/www.safer-security.net\/index.php?rest_route=\/wp\/v2\/product\/13993","targetHints":{"allow":["GET"]}}],"collection":[{"href":"https:\/\/www.safer-security.net\/index.php?rest_route=\/wp\/v2\/product"}],"about":[{"href":"https:\/\/www.safer-security.net\/index.php?rest_route=\/wp\/v2\/types\/product"}],"replies":[{"embeddable":true,"href":"https:\/\/www.safer-security.net\/index.php?rest_route=%2Fwp%2Fv2%2Fcomments&post=13993"}],"version-history":[{"count":1,"href":"https:\/\/www.safer-security.net\/index.php?rest_route=\/wp\/v2\/product\/13993\/revisions"}],"predecessor-version":[{"id":13995,"href":"https:\/\/www.safer-security.net\/index.php?rest_route=\/wp\/v2\/product\/13993\/revisions\/13995"}],"wp:featuredmedia":[{"embeddable":true,"href":"https:\/\/www.safer-security.net\/index.php?rest_route=\/wp\/v2\/media\/13994"}],"wp:attachment":[{"href":"https:\/\/www.safer-security.net\/index.php?rest_route=%2Fwp%2Fv2%2Fmedia&parent=13993"}],"wp:term":[{"taxonomy":"product_cat","embeddable":true,"href":"https:\/\/www.safer-security.net\/index.php?rest_route=%2Fwp%2Fv2%2Fproduct_cat&post=13993"},{"taxonomy":"product_tag","embeddable":true,"href":"https:\/\/www.safer-security.net\/index.php?rest_route=%2Fwp%2Fv2%2Fproduct_tag&post=13993"}],"curies":[{"name":"wp","href":"https:\/\/api.w.org\/{rel}","templated":true}]}}