{"id":14640,"date":"2024-04-02T15:02:33","date_gmt":"2024-04-02T13:02:33","guid":{"rendered":"http:\/\/localhost\/safer\/?post_type=product&#038;p=14640"},"modified":"2024-04-02T15:02:33","modified_gmt":"2024-04-02T13:02:33","slug":"bloc-alimentation-metale-12v10a","status":"publish","type":"product","link":"https:\/\/www.safer-security.net\/?product=bloc-alimentation-metale-12v10a","title":{"rendered":"BLOC ALIMENTATION METALE 12V10A"},"content":{"rendered":"","protected":false},"excerpt":{"rendered":"<ul>\n<li>Commutateur d&rsquo;alimentation, convertissez AC 110V en DC 12V 10A 120W<\/li>\n<li>Protection: Protection contre les p\u00e9nuries, protection contre les surcharges, protection contre les surtensions.<\/li>\n<li>Conformit\u00e9 \u00e0 la s\u00e9curit\u00e9 CE et RoHS, haute efficacit\u00e9 et performance stable.<\/li>\n<li>Large plage de tension d&rsquo;entr\u00e9e, tension de sortie stable et pr\u00e9cise.<\/li>\n<li>Grand transformateur de puissance pour l&rsquo;\u00e9quipement \u00e9lectronique, l&rsquo;\u00e9clairage men\u00e9, l&rsquo;appareil m\u00e9nager etc.<\/li>\n<\/ul>\n","protected":false},"featured_media":14641,"comment_status":"open","ping_status":"closed","template":"","meta":[],"product_cat":[244],"product_tag":[289],"class_list":{"0":"post-14640","1":"product","2":"type-product","3":"status-publish","4":"has-post-thumbnail","6":"product_cat-alimentation","7":"product_tag-bloc","9":"first","10":"instock","11":"taxable","12":"shipping-taxable","13":"product-type-simple"},"_links":{"self":[{"href":"https:\/\/www.safer-security.net\/index.php?rest_route=\/wp\/v2\/product\/14640","targetHints":{"allow":["GET"]}}],"collection":[{"href":"https:\/\/www.safer-security.net\/index.php?rest_route=\/wp\/v2\/product"}],"about":[{"href":"https:\/\/www.safer-security.net\/index.php?rest_route=\/wp\/v2\/types\/product"}],"replies":[{"embeddable":true,"href":"https:\/\/www.safer-security.net\/index.php?rest_route=%2Fwp%2Fv2%2Fcomments&post=14640"}],"version-history":[{"count":1,"href":"https:\/\/www.safer-security.net\/index.php?rest_route=\/wp\/v2\/product\/14640\/revisions"}],"predecessor-version":[{"id":14642,"href":"https:\/\/www.safer-security.net\/index.php?rest_route=\/wp\/v2\/product\/14640\/revisions\/14642"}],"wp:featuredmedia":[{"embeddable":true,"href":"https:\/\/www.safer-security.net\/index.php?rest_route=\/wp\/v2\/media\/14641"}],"wp:attachment":[{"href":"https:\/\/www.safer-security.net\/index.php?rest_route=%2Fwp%2Fv2%2Fmedia&parent=14640"}],"wp:term":[{"taxonomy":"product_cat","embeddable":true,"href":"https:\/\/www.safer-security.net\/index.php?rest_route=%2Fwp%2Fv2%2Fproduct_cat&post=14640"},{"taxonomy":"product_tag","embeddable":true,"href":"https:\/\/www.safer-security.net\/index.php?rest_route=%2Fwp%2Fv2%2Fproduct_tag&post=14640"}],"curies":[{"name":"wp","href":"https:\/\/api.w.org\/{rel}","templated":true}]}}