{"id":14831,"date":"2025-05-29T11:57:15","date_gmt":"2025-05-29T09:57:15","guid":{"rendered":"https:\/\/www.safer-security.net\/?post_type=product&#038;p=14831"},"modified":"2025-05-29T11:57:16","modified_gmt":"2025-05-29T09:57:16","slug":"ipc-k9ep-3t0we-imou","status":"publish","type":"product","link":"https:\/\/www.safer-security.net\/?product=ipc-k9ep-3t0we-imou","title":{"rendered":"IPC-K9EP-3T0WE-IMOU"},"content":{"rendered":"<table>\n<tbody>\n<tr>\n<td width=\"288\">Caract\u00e9ristique<\/td>\n<td width=\"288\">D\u00e9tail<\/td>\n<\/tr>\n<tr>\n<td width=\"288\">Marque \/ Mod\u00e8le<\/td>\n<td width=\"288\">Imou \/ IPC-K9EP-3T0WE-IMOU (Cellule PT 2K 3MP)<\/td>\n<\/tr>\n<tr>\n<td width=\"288\">Capteur d&rsquo;image<\/td>\n<td width=\"288\">CMOS progressif 1\/2,8&Prime;<\/td>\n<\/tr>\n<tr>\n<td width=\"288\">R\u00e9solution \/ Flux principal<\/td>\n<td width=\"288\">2304 x 1296 \u00e0 30 ips (3 MP)<\/td>\n<\/tr>\n<tr>\n<td width=\"288\">Objectif<\/td>\n<td width=\"288\">3,6 mm (angle de vision diagonal 107\u00b0)<\/td>\n<\/tr>\n<tr>\n<td width=\"288\">Rotation motoris\u00e9e<\/td>\n<td width=\"288\">Panoramique : 330\u00b0 \/ Inclinaison : 0~90\u00b0<\/td>\n<\/tr>\n<tr>\n<td width=\"288\">Fonctions de mouvement<\/td>\n<td width=\"288\">Suivi de mouvement<\/td>\n<\/tr>\n<tr>\n<td width=\"288\">Vision nocturne<\/td>\n<td width=\"288\">Infrarouge : LED IR 0 lux (20 m)<br \/>\nCouleur : Vision couleur \/ Flash dissuasif<\/td>\n<\/tr>\n<tr>\n<td width=\"288\">Audio<\/td>\n<td width=\"288\">Audio bidirectionnel (micro + haut-parleur)<br \/>\nSir\u00e8ne int\u00e9gr\u00e9e<\/td>\n<\/tr>\n<tr>\n<td width=\"288\">Types de d\u00e9tection<\/td>\n<td width=\"288\">Capteur PIR<br \/>\nD\u00e9tection humaine intelligente<br \/>\nD\u00e9tection de zone<\/td>\n<\/tr>\n<tr>\n<td width=\"288\">M\u00e9moire interne<\/td>\n<td width=\"288\">Carte microSD jusqu\u2019\u00e0 256 Go<\/td>\n<\/tr>\n<tr>\n<td width=\"288\">Stockage cloud<\/td>\n<td width=\"288\">Enregistrement via Imou Protect (abonnement requis)<\/td>\n<\/tr>\n<tr>\n<td width=\"288\">Connectivit\u00e9 r\u00e9seau<\/td>\n<td width=\"288\">Wi-Fi 2,4 GHz (IEEE 802.11 b\/g\/n)<br \/>\nEthernet 10\/100 BaseT (RJ45)<\/td>\n<\/tr>\n<tr>\n<td width=\"288\">Acc\u00e8s \u00e0 distance<\/td>\n<td width=\"288\">Application : Imou Life (smartphone)<br \/>\nLogiciel : Imou PC<\/td>\n<\/tr>\n<tr>\n<td width=\"288\">Navigateur web<\/td>\n<td width=\"288\">Non pris en charge<\/td>\n<\/tr>\n<tr>\n<td width=\"288\">Alimentation<\/td>\n<td width=\"288\">Batterie 15 000 mAh<br \/>\nCC 5 V \/ 2000 mA<\/td>\n<\/tr>\n<tr>\n<td width=\"288\">Indice de protection<\/td>\n<td width=\"288\">IP66 (r\u00e9sistant aux intemp\u00e9ries)<\/td>\n<\/tr>\n<tr>\n<td width=\"288\">Temp\u00e9rature de fonctionnement<\/td>\n<td width=\"288\">-20\u00b0C \u00e0 +50\u00b0C<\/td>\n<\/tr>\n<tr>\n<td width=\"288\">Dimensions<\/td>\n<td width=\"288\">117 mm x 110 mm x 142 mm<\/td>\n<\/tr>\n<tr>\n<td width=\"288\">Poids<\/td>\n<td width=\"288\">737 g<\/td>\n<\/tr>\n<\/tbody>\n<\/table>\n","protected":false},"excerpt":{"rendered":"<ul>\n<li><span>Cam\u00e9ra Wifi Imou 3 m\u00e9gapixels<\/span><\/li>\n<li><span>Mouvement et suivi automatiques<\/span><\/li>\n<li><span>Objectif 3,6 mm \/ IR 20 m \/ Led blanche<\/span><\/li>\n<li><span>D\u00e9tection humaine par capteur PIR<\/span><\/li>\n<li><span>Compatibilit\u00e9 avec le panneau solaire Imou<\/span><\/li>\n<li><span>Convient pour l&rsquo;ext\u00e9rieur IP66<\/span><\/li>\n<\/ul>\n","protected":false},"featured_media":14832,"comment_status":"open","ping_status":"closed","template":"","meta":[],"product_cat":[238,236],"product_tag":[259],"class_list":{"0":"post-14831","1":"product","2":"type-product","3":"status-publish","4":"has-post-thumbnail","6":"product_cat-securite-surveillance","7":"product_cat-video-surveillance","8":"product_tag-ip-camera","9":"product_brand-imou","11":"first","12":"instock","13":"taxable","14":"shipping-taxable","15":"product-type-simple"},"_links":{"self":[{"href":"https:\/\/www.safer-security.net\/index.php?rest_route=\/wp\/v2\/product\/14831","targetHints":{"allow":["GET"]}}],"collection":[{"href":"https:\/\/www.safer-security.net\/index.php?rest_route=\/wp\/v2\/product"}],"about":[{"href":"https:\/\/www.safer-security.net\/index.php?rest_route=\/wp\/v2\/types\/product"}],"replies":[{"embeddable":true,"href":"https:\/\/www.safer-security.net\/index.php?rest_route=%2Fwp%2Fv2%2Fcomments&post=14831"}],"version-history":[{"count":2,"href":"https:\/\/www.safer-security.net\/index.php?rest_route=\/wp\/v2\/product\/14831\/revisions"}],"predecessor-version":[{"id":14840,"href":"https:\/\/www.safer-security.net\/index.php?rest_route=\/wp\/v2\/product\/14831\/revisions\/14840"}],"wp:featuredmedia":[{"embeddable":true,"href":"https:\/\/www.safer-security.net\/index.php?rest_route=\/wp\/v2\/media\/14832"}],"wp:attachment":[{"href":"https:\/\/www.safer-security.net\/index.php?rest_route=%2Fwp%2Fv2%2Fmedia&parent=14831"}],"wp:term":[{"taxonomy":"product_cat","embeddable":true,"href":"https:\/\/www.safer-security.net\/index.php?rest_route=%2Fwp%2Fv2%2Fproduct_cat&post=14831"},{"taxonomy":"product_tag","embeddable":true,"href":"https:\/\/www.safer-security.net\/index.php?rest_route=%2Fwp%2Fv2%2Fproduct_tag&post=14831"}],"curies":[{"name":"wp","href":"https:\/\/api.w.org\/{rel}","templated":true}]}}