{"id":14861,"date":"2025-05-29T15:34:24","date_gmt":"2025-05-29T13:34:24","guid":{"rendered":"https:\/\/www.safer-security.net\/?post_type=product&#038;p=14861"},"modified":"2025-10-21T16:20:46","modified_gmt":"2025-10-21T14:20:46","slug":"ip-camera-tc-c320n","status":"publish","type":"product","link":"https:\/\/www.safer-security.net\/?product=ip-camera-tc-c320n","title":{"rendered":"TIANDY | CAMERA DOME 2MP POE COLOR MAKER IR30M MICRO"},"content":{"rendered":"<table class=\"STable\" border=\"1\" width=\"100%\" cellspacing=\"0\" cellpadding=\"5\" align=\"center\">\n<tbody>\n<tr class=\"bright\">\n<td class=\"tab_title\" width=\"40%\"><span class=\"no_row_id_54015\">Series<\/span>:<\/td>\n<td class=\"tab_value\">Analog Killer<\/td>\n<\/tr>\n<tr class=\"dark\">\n<td class=\"tab_title\" width=\"40%\"><span class=\"article\"><span class=\"row_id_23620\">Standard<\/span><\/span>:<\/td>\n<td class=\"tab_value\">IP<\/td>\n<\/tr>\n<tr class=\"bright\">\n<td class=\"tab_title\" width=\"40%\"><span class=\"article\"><span class=\"row_id_1767\">Resolution<\/span><\/span>:<\/td>\n<td class=\"tab_value\">1920 x 1080\u00a0 &#8211;\u00a0<span class=\"article\">1080p<\/span>\u00a0,<br \/>\n1280 x 720\u00a0 &#8211;\u00a0<span class=\"article\">720p<\/span><\/td>\n<\/tr>\n<tr class=\"dark\">\n<td class=\"tab_title\" width=\"40%\"><span class=\"article\"><span class=\"row_id_597\">Sensor<\/span><\/span>:<\/td>\n<td class=\"tab_value\">1\/3\u00a0\u00a0\u00bb Progressive Scan CMOS<\/td>\n<\/tr>\n<tr class=\"bright\">\n<td class=\"tab_title\" width=\"40%\"><span class=\"row_id_598\">Lens<\/span>:<\/td>\n<td class=\"tab_value\">2.8\u00a0mm<\/td>\n<\/tr>\n<tr class=\"dark\">\n<td class=\"tab_title\" width=\"40%\"><span class=\"article\"><span class=\"row_id_599\">View angle<\/span><\/span>:<\/td>\n<td class=\"tab_value\">\n<ul>\n<li>100\u00a0\u00b0 (manufacturer data)<\/li>\n<li>93\u00a0\u00b0 (our tests result)<\/li>\n<\/ul>\n<\/td>\n<\/tr>\n<tr class=\"bright\">\n<td class=\"tab_title\" width=\"40%\"><span class=\"article\"><span class=\"row_id_3435\">Range of IR illumination<\/span><\/span>:<\/td>\n<td class=\"tab_value\">30\u00a0m<\/td>\n<\/tr>\n<tr class=\"dark\">\n<td class=\"tab_title\" width=\"40%\"><span class=\"row_id_12428\">Memory card slot<\/span>:<\/td>\n<td class=\"tab_value\"><img decoding=\"async\" title=\"\" src=\"https:\/\/shopdelta.eu\/img\/p_table_false.png\" alt=\"\" border=\"0\" \/><\/td>\n<\/tr>\n<tr class=\"bright\">\n<td class=\"tab_title\" width=\"40%\"><span class=\"no_row_id_3859\">Image compression method<\/span>:<\/td>\n<td class=\"tab_value\">S+265 \/\u00a0<span class=\"article\">H.265<\/span>\u00a0\/\u00a0<span class=\"article\">H.264<\/span><\/td>\n<\/tr>\n<tr class=\"dark\">\n<td class=\"tab_title\" width=\"40%\"><span class=\"row_id_3870\">Alarm inputs \/ outputs<\/span>:<\/td>\n<td class=\"tab_value\"><img decoding=\"async\" title=\"\" src=\"https:\/\/shopdelta.eu\/img\/p_table_false.png\" alt=\"\" border=\"0\" \/><\/td>\n<\/tr>\n<tr class=\"bright\">\n<td class=\"tab_title\" width=\"40%\"><span class=\"row_id_1654\">Audio<\/span>:<\/td>\n<td class=\"tab_value\">\n<ul>\n<li>Microphone built-in<\/li>\n<li>Audio transmission via network<\/li>\n<\/ul>\n<\/td>\n<\/tr>\n<tr class=\"dark\">\n<td class=\"tab_title\" width=\"40%\"><span class=\"row_id_12358\">Main stream frame rate<\/span>:<\/td>\n<td class=\"tab_value\">25\u00a0<span class=\"article\">fps<\/span>\u00a0@ 2\u00a0<span class=\"article\">Mpx<\/span><\/td>\n<\/tr>\n<tr class=\"bright\">\n<td class=\"tab_title\" width=\"40%\"><span class=\"row_id_2314\">Interface<\/span>:<\/td>\n<td class=\"tab_value\">10\/100 Base-TX\u00a0<span class=\"article\">(RJ-45)<\/span><\/td>\n<\/tr>\n<tr class=\"dark\">\n<td class=\"tab_title\" width=\"40%\"><span class=\"row_id_12363\">WEB Server<\/span>:<\/td>\n<td class=\"tab_value\">Built-in<\/td>\n<\/tr>\n<tr class=\"bright\">\n<td class=\"tab_title\" width=\"40%\"><span class=\"row_id_7641\">Max. number of on-line users<\/span>:<\/td>\n<td class=\"tab_value\">1<\/td>\n<\/tr>\n<tr class=\"dark\">\n<td class=\"tab_title\" width=\"40%\"><span class=\"article\"><span class=\"row_id_12361\">ONVIF<\/span><\/span>:<\/td>\n<td class=\"tab_value\"><img decoding=\"async\" title=\"\" src=\"https:\/\/shopdelta.eu\/img\/p_table_false.png\" alt=\"\" border=\"0\" \/><\/td>\n<\/tr>\n<tr class=\"bright\">\n<td class=\"tab_title\" width=\"40%\"><span class=\"row_id_3873\">Mobile phones support<\/span>:<\/td>\n<td class=\"tab_value\"><img decoding=\"async\" title=\"\" src=\"https:\/\/shopdelta.eu\/img\/p_table_false.png\" alt=\"\" border=\"0\" \/><\/td>\n<\/tr>\n<tr class=\"dark\">\n<td class=\"tab_title\" width=\"40%\"><span class=\"no_row_id_25518\">Default IP address<\/span>:<\/td>\n<td class=\"tab_value\">DHCP or 192.168.1.2<\/td>\n<\/tr>\n<tr class=\"bright\">\n<td class=\"tab_title\" width=\"40%\"><span class=\"article\"><span class=\"no_row_id_25516\">Default admin user \/ password<\/span><\/span>:<\/td>\n<td class=\"tab_value\">admin \/ &#8211;<br \/>\nThe administrator password should be set at the first start<\/td>\n<\/tr>\n<tr class=\"dark\">\n<td class=\"tab_title\" width=\"40%\"><span class=\"no_row_id_25519\">Web browser access ports<\/span>:<\/td>\n<td class=\"tab_value\"><img decoding=\"async\" title=\"\" src=\"https:\/\/shopdelta.eu\/img\/p_table_false.png\" alt=\"\" border=\"0\" \/><\/td>\n<\/tr>\n<tr class=\"bright\">\n<td class=\"tab_title\" width=\"40%\"><span class=\"no_row_id_25524\">ONVIF port<\/span>:<\/td>\n<td class=\"tab_value\"><img decoding=\"async\" title=\"\" src=\"https:\/\/shopdelta.eu\/img\/p_table_false.png\" alt=\"\" border=\"0\" \/><\/td>\n<\/tr>\n<tr class=\"dark\">\n<td class=\"tab_title\" width=\"40%\"><span class=\"no_row_id_26037\">Intelligent Image Analysis<\/span>:<\/td>\n<td class=\"tab_value\"><img decoding=\"async\" title=\"\" src=\"https:\/\/shopdelta.eu\/img\/p_table_false.png\" alt=\"\" border=\"0\" \/><\/td>\n<\/tr>\n<tr class=\"bright\">\n<td class=\"tab_title\" width=\"40%\"><span class=\"row_id_2932\">Main features<\/span>:<\/td>\n<td class=\"tab_value\">\n<ul>\n<li><span class=\"article\">D-WDR &#8211; Wide Dynamic Range<\/span><\/li>\n<li><span class=\"article\">3D-DNR &#8211; Digital Noise Reduction<\/span><\/li>\n<li><span class=\"article\">ROI &#8211; improve the quality of selected parts of image<\/span><\/li>\n<li>BLC\/HLC &#8211; Back Light \/ High Light Compensation<\/li>\n<li><span class=\"article\">ICR &#8211; Movable InfraRed filter<\/span><\/li>\n<li>Day\/night mode<\/li>\n<li>Possibility to change the resolution, quality and bit rate<\/li>\n<li><span class=\"article\">Privacy zones<\/span><\/li>\n<li><span class=\"article\">Motion Detection<\/span><\/li>\n<\/ul>\n<\/td>\n<\/tr>\n<tr class=\"dark\">\n<td class=\"tab_title\" width=\"40%\"><span class=\"row_id_127\">Power supply<\/span>:<\/td>\n<td class=\"tab_value\"><span class=\"article\">PoE (802.3af)<\/span><\/td>\n<\/tr>\n<tr class=\"bright\">\n<td class=\"tab_title\" width=\"40%\"><span class=\"row_id_632\">Power consumption<\/span>:<\/td>\n<td class=\"tab_value\">\u2264 6\u00a0W<\/td>\n<\/tr>\n<tr class=\"dark\">\n<td class=\"tab_title\" width=\"40%\"><span class=\"row_id_305\">Housing<\/span>:<\/td>\n<td class=\"tab_value\">Dome &#8211; Metal + Plastic<\/td>\n<\/tr>\n<tr class=\"bright\">\n<td class=\"tab_title\" width=\"40%\"><span class=\"row_id_1006\">Color<\/span>:<\/td>\n<td class=\"tab_value\">White<\/td>\n<\/tr>\n<tr class=\"dark\">\n<td class=\"tab_title\" width=\"40%\"><span class=\"article\"><span class=\"row_id_143\">\u00ab\u00a0Index of Protection\u00a0\u00bb<\/span><\/span>:<\/td>\n<td class=\"tab_value\"><img decoding=\"async\" title=\"\" src=\"https:\/\/shopdelta.eu\/img\/p_table_false.png\" alt=\"\" border=\"0\" \/><\/td>\n<\/tr>\n<tr class=\"bright\">\n<td class=\"tab_title\" width=\"40%\"><span class=\"no_row_id_51225\">Mechanical protection class<\/span>:<\/td>\n<td class=\"tab_value\"><img decoding=\"async\" title=\"\" src=\"https:\/\/shopdelta.eu\/img\/p_table_false.png\" alt=\"\" border=\"0\" \/><\/td>\n<\/tr>\n<tr class=\"dark\">\n<td class=\"tab_title\" width=\"40%\"><span class=\"article\"><span class=\"no_row_id_23565\">Operation temp<\/span><\/span>:<\/td>\n<td class=\"tab_value\">-30\u00a0\u00b0C &#8230; 65\u00a0\u00b0C<\/td>\n<\/tr>\n<tr class=\"bright\">\n<td class=\"tab_title\" width=\"40%\"><span class=\"row_id_32\">Weight<\/span>:<\/td>\n<td class=\"tab_value\">0.23\u00a0kg<\/td>\n<\/tr>\n<tr class=\"dark\">\n<td class=\"tab_title\" width=\"40%\"><span class=\"no_row_id_130\">Dimensions<\/span>:<\/td>\n<td class=\"tab_value\">\u00d8 117\u00a0 x 96\u00a0mm<\/td>\n<\/tr>\n<tr class=\"bright\">\n<td class=\"tab_title\" width=\"40%\"><span class=\"row_id_4365\">Supported languages<\/span>:<\/td>\n<td class=\"tab_value\">English<\/td>\n<\/tr>\n<tr class=\"dark\">\n<td class=\"tab_title\" width=\"40%\"><span class=\"row_id_22236\">Manufacturer \/ Brand<\/span>:<\/td>\n<td class=\"tab_value\">TIANDY<\/td>\n<\/tr>\n<tr class=\"bright\">\n<td class=\"tab_title\" width=\"40%\"><span class=\"row_id_22124\">Guarantee<\/span>:<\/td>\n<td class=\"tab_value\"><strong>3 years<\/strong><\/td>\n<\/tr>\n<\/tbody>\n<\/table>\n","protected":false},"excerpt":{"rendered":"<p><span data-huuid=\"13826300645664641400\">Le Tiandy TC-C320N est un<mark class=\"QVRyCf\">Cam\u00e9ra d\u00f4me IP 2MP con\u00e7ue pour la surveillance int\u00e9rieure<\/mark>\u00a0<\/span><span data-huuid=\"13826300645664645033\">Elle est dot\u00e9e d&rsquo;un objectif fixe de 2,8 mm, d&rsquo;un microphone int\u00e9gr\u00e9 et prend en charge une r\u00e9solution allant jusqu&rsquo;\u00e0 1920 x 1080 \u00e0 30 ips.\u00a0<\/span>Elle\u00a0<span data-huuid=\"13826300645664644570\">int\u00e8gre \u00e9galement des LED IR pour une port\u00e9e infrarouge de 30 m\u00e8tres, la d\u00e9tection de mouvement et la prise en charge PoE<\/span><\/p>\n","protected":false},"featured_media":15093,"comment_status":"open","ping_status":"closed","template":"","meta":[],"product_cat":[238,236],"product_tag":[259],"class_list":{"0":"post-14861","1":"product","2":"type-product","3":"status-publish","4":"has-post-thumbnail","6":"product_cat-securite-surveillance","7":"product_cat-video-surveillance","8":"product_tag-ip-camera","9":"product_brand-tiandy","11":"first","12":"instock","13":"taxable","14":"shipping-taxable","15":"product-type-simple"},"_links":{"self":[{"href":"https:\/\/www.safer-security.net\/index.php?rest_route=\/wp\/v2\/product\/14861","targetHints":{"allow":["GET"]}}],"collection":[{"href":"https:\/\/www.safer-security.net\/index.php?rest_route=\/wp\/v2\/product"}],"about":[{"href":"https:\/\/www.safer-security.net\/index.php?rest_route=\/wp\/v2\/types\/product"}],"replies":[{"embeddable":true,"href":"https:\/\/www.safer-security.net\/index.php?rest_route=%2Fwp%2Fv2%2Fcomments&post=14861"}],"version-history":[{"count":5,"href":"https:\/\/www.safer-security.net\/index.php?rest_route=\/wp\/v2\/product\/14861\/revisions"}],"predecessor-version":[{"id":15091,"href":"https:\/\/www.safer-security.net\/index.php?rest_route=\/wp\/v2\/product\/14861\/revisions\/15091"}],"wp:featuredmedia":[{"embeddable":true,"href":"https:\/\/www.safer-security.net\/index.php?rest_route=\/wp\/v2\/media\/15093"}],"wp:attachment":[{"href":"https:\/\/www.safer-security.net\/index.php?rest_route=%2Fwp%2Fv2%2Fmedia&parent=14861"}],"wp:term":[{"taxonomy":"product_cat","embeddable":true,"href":"https:\/\/www.safer-security.net\/index.php?rest_route=%2Fwp%2Fv2%2Fproduct_cat&post=14861"},{"taxonomy":"product_tag","embeddable":true,"href":"https:\/\/www.safer-security.net\/index.php?rest_route=%2Fwp%2Fv2%2Fproduct_tag&post=14861"}],"curies":[{"name":"wp","href":"https:\/\/api.w.org\/{rel}","templated":true}]}}