{"id":14895,"date":"2025-05-29T16:58:43","date_gmt":"2025-05-29T14:58:43","guid":{"rendered":"https:\/\/www.safer-security.net\/?post_type=product&#038;p=14895"},"modified":"2025-10-21T15:34:48","modified_gmt":"2025-10-21T13:34:48","slug":"camera-ip-4mp-dome-tiandy-ref-tc-c34xn","status":"publish","type":"product","link":"https:\/\/www.safer-security.net\/?product=camera-ip-4mp-dome-tiandy-ref-tc-c34xn","title":{"rendered":"TIANDY | CAMERA DOME 4MP POE COLOR MAKER IR30M  MICRO"},"content":{"rendered":"<table>\n<tbody>\n<tr>\n<td><strong>apteur d&rsquo;image<\/strong><\/td>\n<td>CMOS 1\/3\u2033<\/td>\n<\/tr>\n<tr>\n<td><strong>\u00c9clairage minimal<\/strong><\/td>\n<td>Couleur\u00a0: 0,02\u00a0lux \u00e0 (F1,6, AGC activ\u00e9), noir et blanc\u00a0: 0\u00a0lux avec IR<\/td>\n<\/tr>\n<tr>\n<td><strong>Temps d&rsquo;obturation<\/strong><\/td>\n<td>1 s \u00e0 1\/100 000 s<\/td>\n<\/tr>\n<tr>\n<td><strong>Jour et nuit<\/strong><\/td>\n<td>Filtre IR-cut avec commutateur automatique (ICR)<\/td>\n<\/tr>\n<tr>\n<td><strong>WDR<\/strong><\/td>\n<td>DWDR<\/td>\n<\/tr>\n<tr>\n<td><strong>Num\u00e9ro de s\u00e9rie<\/strong><\/td>\n<td>&gt;40 dB<\/td>\n<\/tr>\n<tr>\n<td><strong>R\u00e9glage de l&rsquo;angle<\/strong><\/td>\n<td>0-340\u00b0;0-75\u00b0;0-360\u00b0<\/td>\n<\/tr>\n<tr>\n<td><strong>Lentille<\/strong><\/td>\n<td><\/td>\n<\/tr>\n<tr>\n<td><strong>Type d&rsquo;objectif<\/strong><\/td>\n<td>Fix\u00e9<\/td>\n<\/tr>\n<tr>\n<td><strong>Distance focale<\/strong><\/td>\n<td>2,8 mm<\/td>\n<\/tr>\n<tr>\n<td><strong>Monture d&rsquo;objectif<\/strong><\/td>\n<td>M12<\/td>\n<\/tr>\n<tr>\n<td><strong>Plage d&rsquo;ouverture<\/strong><\/td>\n<td>F1.6, fixe<\/td>\n<\/tr>\n<tr>\n<td><strong>Champ de vision<\/strong><\/td>\n<td>92,8\u00b0(H);52,2\u00b0(V);106,5\u00b0(P)<\/td>\n<\/tr>\n<tr>\n<td><strong>Distance DORI<\/strong><\/td>\n<td>D\u00e9tecter\u00a0: 56\u00a0mObserver\u00a0: 22,2\u00a0mReconna\u00eetre\u00a0: 11,2\u00a0mIdentifier\u00a0: 5,6\u00a0m<\/td>\n<\/tr>\n<tr>\n<td><strong>Illuminateur<\/strong><\/td>\n<td><\/td>\n<\/tr>\n<tr>\n<td><strong>LED IR<\/strong><\/td>\n<td>2<\/td>\n<\/tr>\n<tr>\n<td><strong>Distance IR<\/strong><\/td>\n<td>30 m<\/td>\n<\/tr>\n<tr>\n<td><strong>Longueur d&rsquo;onde<\/strong><\/td>\n<td>850 nm<\/td>\n<\/tr>\n<tr>\n<td><strong>LED blanches<\/strong><\/td>\n<td>N \/ A<\/td>\n<\/tr>\n<tr>\n<td><strong>Distance de lumi\u00e8re blanche<\/strong><\/td>\n<td>N \/ A<\/td>\n<\/tr>\n<tr>\n<td><strong>Norme de compression<\/strong><\/td>\n<td><\/td>\n<\/tr>\n<tr>\n<td><strong>Compression vid\u00e9o<\/strong><\/td>\n<td>S265\/H.265\/H.264B\/H.264M\/H.264H<\/td>\n<\/tr>\n<tr>\n<td><strong>D\u00e9bit binaire vid\u00e9o<\/strong><\/td>\n<td>32k-6 Mbps<\/td>\n<\/tr>\n<tr>\n<td><strong>Compression audio<\/strong><\/td>\n<td>G.711A\/G.711U<\/td>\n<\/tr>\n<tr>\n<td><strong>Taux d&rsquo;\u00e9chantillonnage audio<\/strong><\/td>\n<td>8 kHz<\/td>\n<\/tr>\n<tr>\n<td><strong>Image<\/strong><\/td>\n<td><\/td>\n<\/tr>\n<tr>\n<td><strong>R\u00e9solution maximale<\/strong><\/td>\n<td>2560 \u00d7 1440 \u00e0 20 ips<\/td>\n<\/tr>\n<tr>\n<td><strong>Grand public<\/strong><\/td>\n<td>PAL\u00a0: 20\u00a0ips (2\u00a0560\u00a0\u00d7\u00a01\u00a0440, 2\u00a0304\u00a0\u00d7\u00a01\u00a0296, 1\u00a0920\u00a0\u00d7\u00a01\u00a0080, 1\u00a0280\u00a0\u00d7\u00a0720) NTSC\u00a0: 20\u00a0ips (2\u00a0560\u00a0\u00d7\u00a01\u00a0440, 2\u00a0304\u00a0\u00d7\u00a01\u00a0296, 1\u00a0920\u00a0\u00d7\u00a01\u00a0080, 1\u00a0280\u00a0\u00d7\u00a0720)<\/td>\n<\/tr>\n<tr>\n<td><strong>Sous-flux<\/strong><\/td>\n<td>PAL\u00a0: 20\u00a0ips (704\u00a0\u00d7\u00a0576, 704\u00a0\u00d7\u00a0288, 352\u00a0\u00d7\u00a0288, 640\u00a0\u00d7\u00a0360)PAL\u00a0: 20\u00a0ips (704\u00a0\u00d7\u00a0480, 704\u00a0\u00d7\u00a0240, 352\u00a0\u00d7\u00a0240, 640\u00a0\u00d7\u00a0360)<\/td>\n<\/tr>\n<tr>\n<td><strong>Troisi\u00e8me volet<\/strong><\/td>\n<td>N \/ A<\/td>\n<\/tr>\n<tr>\n<td><strong>BLC<\/strong><\/td>\n<td>Oui<\/td>\n<\/tr>\n<tr>\n<td><strong>HLC<\/strong><\/td>\n<td>Oui<\/td>\n<\/tr>\n<tr>\n<td><strong>AGC<\/strong><\/td>\n<td>Oui<\/td>\n<\/tr>\n<tr>\n<td><strong>DNR 3D<\/strong><\/td>\n<td>Oui<\/td>\n<\/tr>\n<tr>\n<td><strong>Balance des blancs<\/strong><\/td>\n<td>Auto\/Semi-auto\/Manuel\/Ensoleill\u00e9\/Lumi\u00e8re naturelle\/Lumi\u00e8re chaude\/Lampe au sodium\/Lampe \u00e0 incandescence\/Balance des blancs verrouill\u00e9e<\/td>\n<\/tr>\n<tr>\n<td><strong>retour sur investissement<\/strong><\/td>\n<td>N \/ A<\/td>\n<\/tr>\n<tr>\n<td><strong>Mode couloir<\/strong><\/td>\n<td>N \/ A<\/td>\n<\/tr>\n<tr>\n<td><strong>EIE<\/strong><\/td>\n<td>N \/ A<\/td>\n<\/tr>\n<tr>\n<td><strong>OSD<\/strong><\/td>\n<td>1r\u00e9gion;16*16\/32*32\/48*48\/64*64<\/td>\n<\/tr>\n<tr>\n<td><strong>Superposition d&rsquo;images<\/strong><\/td>\n<td>N \/ A<\/td>\n<\/tr>\n<tr>\n<td><strong>Masque de confidentialit\u00e9<\/strong><\/td>\n<td>4 r\u00e9gions<\/td>\n<\/tr>\n<tr>\n<td><strong>D\u00e9sembuage<\/strong><\/td>\n<td>Oui<\/td>\n<\/tr>\n<tr>\n<td><strong>Fonctionnalit\u00e9<\/strong><\/td>\n<td><\/td>\n<\/tr>\n<tr>\n<td><strong>D\u00e9clencheur d&rsquo;alarme<\/strong><\/td>\n<td>D\u00e9tection de mouvement\u00a0; conflit d&rsquo;adresse IP<\/td>\n<\/tr>\n<tr>\n<td><strong>M\u00e9thode de liaison<\/strong><\/td>\n<td>d\u00e9clencheur de capture<\/td>\n<\/tr>\n<tr>\n<td><strong>Analyse vid\u00e9o<\/strong><\/td>\n<td>N \/ A<\/td>\n<\/tr>\n<tr>\n<td><strong>Analyse des r\u00e8gles de comportement en 1 sc\u00e8ne<\/strong><\/td>\n<td>N \/ A<\/td>\n<\/tr>\n<tr>\n<td><strong>Alerte pr\u00e9coce (AP)<\/strong><\/td>\n<td>N \/ A<\/td>\n<\/tr>\n<tr>\n<td><strong>Suivi automatique<\/strong><\/td>\n<td>N \/ A<\/td>\n<\/tr>\n<tr>\n<td><strong>Mode visage<\/strong><\/td>\n<td>N \/ A<\/td>\n<\/tr>\n<tr>\n<td><strong>Performances de d\u00e9tection des visages<\/strong><\/td>\n<td>N \/ A<\/td>\n<\/tr>\n<tr>\n<td><strong>R\u00e9seau<\/strong><\/td>\n<td><\/td>\n<\/tr>\n<tr>\n<td><strong>ANR<\/strong><\/td>\n<td>N \/ A<\/td>\n<\/tr>\n<tr>\n<td><strong>Protocoles<\/strong><\/td>\n<td>HTTP;TCP\/IP;UDP;ICMP;DHCP;DNS;NTP;IPv4;Telnet;Unicast<\/td>\n<\/tr>\n<tr>\n<td><strong>Compatibilit\u00e9 du syst\u00e8me<\/strong><\/td>\n<td>Profil onvif S\/T;CGI;MIL STONE<\/td>\n<\/tr>\n<tr>\n<td><strong>Connexion \u00e0 distance<\/strong><\/td>\n<td>\u22642<\/td>\n<\/tr>\n<tr>\n<td><strong>Client<\/strong><\/td>\n<td>Easy7 Smart Client<\/td>\n<\/tr>\n<tr>\n<td><strong>Client mobile<\/strong><\/td>\n<td>EasyLive Plus<\/td>\n<\/tr>\n<tr>\n<td><strong>Web<\/strong><\/td>\n<td>IE10 ; Firefox52 ; Edge89 ; Safari11 ; Chrome57<\/td>\n<\/tr>\n<tr>\n<td><strong>Interface<\/strong><\/td>\n<td><\/td>\n<\/tr>\n<tr>\n<td><strong>Interface de communication<\/strong><\/td>\n<td>1 port Ethernet auto-adaptatif RJ45 10M\/100M<\/td>\n<\/tr>\n<tr>\n<td><strong>E\/S audio<\/strong><\/td>\n<td>N \/ A<\/td>\n<\/tr>\n<tr>\n<td><strong>E\/S d&rsquo;alarme<\/strong><\/td>\n<td>N \/ A<\/td>\n<\/tr>\n<tr>\n<td><strong>Microphone int\u00e9gr\u00e9<\/strong><\/td>\n<td>Oui<\/td>\n<\/tr>\n<tr>\n<td><strong>Haut-parleur int\u00e9gr\u00e9<\/strong><\/td>\n<td>N \/ A<\/td>\n<\/tr>\n<tr>\n<td><strong>Bouton de r\u00e9initialisation<\/strong><\/td>\n<td>N \/ A<\/td>\n<\/tr>\n<tr>\n<td><strong>Stockage \u00e0 bord<\/strong><\/td>\n<td>N \/ A<\/td>\n<\/tr>\n<tr>\n<td><strong>Interfaces suppl\u00e9mentaires<\/strong><\/td>\n<td>N \/ A<\/td>\n<\/tr>\n<tr>\n<td><strong>G\u00e9n\u00e9ral<\/strong><\/td>\n<td><\/td>\n<\/tr>\n<tr>\n<td><strong>Langue du client Web<\/strong><\/td>\n<td>12 langues\u00a0: anglais, espagnol, italien, turc, russe, tha\u00ef, fran\u00e7ais, polonais, arabe, vietnamien, portugais, japonais<\/td>\n<\/tr>\n<tr>\n<td><strong>Temp\u00e9rature de fonctionnement<\/strong><\/td>\n<td>-30\u2103-60\u2103<\/td>\n<\/tr>\n<tr>\n<td><strong>Humidit\u00e9 de fonctionnement<\/strong><\/td>\n<td>0-95%<\/td>\n<\/tr>\n<tr>\n<td><strong>Temp\u00e9rature de stockage<\/strong><\/td>\n<td>-30\u2103-60\u2103<\/td>\n<\/tr>\n<tr>\n<td><strong>Humidit\u00e9 de stockage<\/strong><\/td>\n<td>0-95 % (sans condensation)<\/td>\n<\/tr>\n<tr>\n<td><strong>Alimentation \u00e9lectrique<\/strong><\/td>\n<td>POE 802.3af, MAX 6 W<\/td>\n<\/tr>\n<tr>\n<td><strong>Protection<\/strong><\/td>\n<td>Protection contre les surtensions 2000 V ; Protection contre la foudre 6000 V<\/td>\n<\/tr>\n<tr>\n<td><strong>Dimensions des limites<\/strong><\/td>\n<td>117(L)117(l)96(H)mm<\/td>\n<\/tr>\n<tr>\n<td><strong>Dimensions du colis<\/strong><\/td>\n<td>140(L)140(l)120(H)mm<\/td>\n<\/tr>\n<tr>\n<td><strong>Poids brut<\/strong><\/td>\n<td>0,34 kg<\/td>\n<\/tr>\n<tr>\n<td><strong>Poids net<\/strong><\/td>\n<td>0,24 kg<\/td>\n<\/tr>\n<\/tbody>\n<\/table>\n","protected":false},"excerpt":{"rendered":"<p>Par d\u00e9faut\u00a0: plastique, M\u00a0: bo\u00eetier en m\u00e9tal<br \/>\n\u00b7 Jusqu&rsquo;\u00e0 2560 \u00d7 1440 \u00e0 25 ips<br \/>\n\u00b7S+265\/H.265\/H.264<br \/>\n\u00b7Min. Couleur d&rsquo;\u00e9clairage : 0,002 Lux @ F1,6.<br \/>\n\u00b7\u00a0120\u00a0dB WDR<br \/>\n\u00b72 lumi\u00e8res chaudes, 15 m<br \/>\n\u00b7IR intelligent, port\u00e9e IR\u00a0: 50\u00a0m<br \/>\n\u00b7 Prise en charge du fil-pi\u00e8ge et du p\u00e9rim\u00e8tre<br \/>\n\u00b7 Emplacement pour carte SD, bouton de r\u00e9initialisation<br \/>\n\u00b7Conditions de fonctionnement -40 \u2103 ~ 60 \u2103, 0 ~ 95 % HR<br \/>\n\u00b7 POE, IP67<\/p>\n","protected":false},"featured_media":14898,"comment_status":"open","ping_status":"closed","template":"","meta":[],"product_cat":[238,236],"product_tag":[259],"class_list":{"0":"post-14895","1":"product","2":"type-product","3":"status-publish","4":"has-post-thumbnail","6":"product_cat-securite-surveillance","7":"product_cat-video-surveillance","8":"product_tag-ip-camera","9":"product_brand-tiandy","11":"first","12":"instock","13":"taxable","14":"shipping-taxable","15":"product-type-simple"},"_links":{"self":[{"href":"https:\/\/www.safer-security.net\/index.php?rest_route=\/wp\/v2\/product\/14895","targetHints":{"allow":["GET"]}}],"collection":[{"href":"https:\/\/www.safer-security.net\/index.php?rest_route=\/wp\/v2\/product"}],"about":[{"href":"https:\/\/www.safer-security.net\/index.php?rest_route=\/wp\/v2\/types\/product"}],"replies":[{"embeddable":true,"href":"https:\/\/www.safer-security.net\/index.php?rest_route=%2Fwp%2Fv2%2Fcomments&post=14895"}],"version-history":[{"count":2,"href":"https:\/\/www.safer-security.net\/index.php?rest_route=\/wp\/v2\/product\/14895\/revisions"}],"predecessor-version":[{"id":15088,"href":"https:\/\/www.safer-security.net\/index.php?rest_route=\/wp\/v2\/product\/14895\/revisions\/15088"}],"wp:featuredmedia":[{"embeddable":true,"href":"https:\/\/www.safer-security.net\/index.php?rest_route=\/wp\/v2\/media\/14898"}],"wp:attachment":[{"href":"https:\/\/www.safer-security.net\/index.php?rest_route=%2Fwp%2Fv2%2Fmedia&parent=14895"}],"wp:term":[{"taxonomy":"product_cat","embeddable":true,"href":"https:\/\/www.safer-security.net\/index.php?rest_route=%2Fwp%2Fv2%2Fproduct_cat&post=14895"},{"taxonomy":"product_tag","embeddable":true,"href":"https:\/\/www.safer-security.net\/index.php?rest_route=%2Fwp%2Fv2%2Fproduct_tag&post=14895"}],"curies":[{"name":"wp","href":"https:\/\/api.w.org\/{rel}","templated":true}]}}