{"id":15002,"date":"2025-05-31T10:46:15","date_gmt":"2025-05-31T08:46:15","guid":{"rendered":"https:\/\/www.safer-security.net\/?post_type=product&#038;p=15002"},"modified":"2025-05-31T10:46:15","modified_gmt":"2025-05-31T08:46:15","slug":"uac-b122-af2840lm","status":"publish","type":"product","link":"https:\/\/www.safer-security.net\/?product=uac-b122-af2840lm","title":{"rendered":"UAC-B122-AF28(40)LM"},"content":{"rendered":"<table width=\"100%\">\n<tbody>\n<tr>\n<td class=\"thead\" width=\"20%\"><\/td>\n<td class=\"thead\" colspan=\"4\" width=\"40%\">UAC-B122-AF28LM<\/td>\n<td class=\"thead\" colspan=\"4\" width=\"40%\">UAC-B122-AF40LM<\/td>\n<\/tr>\n<tr>\n<td class=\"thead\" colspan=\"9\">Cam\u00e9ra<b><\/b><\/td>\n<\/tr>\n<tr>\n<td>R\u00e9solution maximale<\/td>\n<td colspan=\"8\">2 MP<\/td>\n<\/tr>\n<tr>\n<td>Taille du capteur<\/td>\n<td colspan=\"8\">CMOS 1\/2,9&Prime;<\/td>\n<\/tr>\n<tr>\n<td>\u00c9clairage minimal<\/td>\n<td colspan=\"8\">0,005 lux (F1,6, AGC activ\u00e9)<br \/>\n0 lux (IR activ\u00e9)<\/td>\n<\/tr>\n<tr>\n<td class=\"thead\" colspan=\"9\">Lentille<b><\/b><\/td>\n<\/tr>\n<tr>\n<td>Se concentrer<\/td>\n<td colspan=\"4\">2,8 mm<\/td>\n<td colspan=\"4\">4,0 mm<\/td>\n<\/tr>\n<tr>\n<td>Monture d&rsquo;objectif<\/td>\n<td colspan=\"8\">M12<\/td>\n<\/tr>\n<tr>\n<td>Angle de vue (H)<\/td>\n<td colspan=\"4\">101,5\u00b0<\/td>\n<td colspan=\"4\">83,8\u00b0<\/td>\n<\/tr>\n<tr>\n<td>Angle de vue (V)<\/td>\n<td colspan=\"4\">56,9\u00b0<\/td>\n<td colspan=\"4\">42,7\u00b0<\/td>\n<\/tr>\n<tr>\n<td>Angle de vue (D)<\/td>\n<td colspan=\"4\">117,4\u00b0<\/td>\n<td colspan=\"4\">100,1\u00b0<\/td>\n<\/tr>\n<tr>\n<td class=\"thead\" colspan=\"9\">Illuminateur<b><\/b><\/td>\n<\/tr>\n<tr>\n<td>Num\u00e9ro d&rsquo;illuminateur<\/td>\n<td colspan=\"8\">Deux illuminateurs IR<\/td>\n<\/tr>\n<tr>\n<td>Distance d&rsquo;\u00e9clairage<\/td>\n<td colspan=\"8\">40 m<\/td>\n<\/tr>\n<tr>\n<td>Dur\u00e9e de vie<\/td>\n<td colspan=\"8\">\u2265 60 000 heures<\/td>\n<\/tr>\n<tr>\n<td class=\"thead\" colspan=\"9\">Vid\u00e9o<b><\/b><\/td>\n<\/tr>\n<tr>\n<td>R\u00e9solution<\/td>\n<td colspan=\"8\">1080P\u00a0: 1920(H)\u00d71080(V)<br \/>\n720P\u00a0: 1280(H)\u00d7720(V)<\/td>\n<\/tr>\n<tr>\n<td>Fr\u00e9quence d&rsquo;images<\/td>\n<td colspan=\"8\">TVI\u00a0: 1\u00a0080\u00a0p \u00e0 25\u00a0ips (par d\u00e9faut), 1\u00a0080\u00a0p \u00e0 30\u00a0ips\u00a0; 720\u00a0p \u00e0 25\u00a0ips<br \/>\n, 720\u00a0p \u00e0 30\u00a0ips AHD\u00a0: 1\u00a0080\u00a0p \u00e0 25\u00a0ips<br \/>\n, 1\u00a0080\u00a0p \u00e0 30\u00a0ips\u00a0; 720\u00a0p \u00e0 25\u00a0ips, 720\u00a0p \u00e0 30\u00a0ips CVI\u00a0: 1\u00a0080\u00a0p \u00e0 25\u00a0ips, 1\u00a0080\u00a0p \u00e0 30\u00a0ips\u00a0; 720\u00a0p \u00e0 25\u00a0ips, 720\u00a0p \u00e0 30\u00a0ips<br \/>\nCVBS\u00a0: PAL, NTSC<\/td>\n<\/tr>\n<tr>\n<td>Temps d&rsquo;obturation<\/td>\n<td colspan=\"8\">PAL\u00a0: 1\/25\u00a0s-1\/50\u00a0000\u00a0s,<br \/>\nNTSC\u00a0: 1\/30\u00a0s-1\/50\u00a0000\u00a0s<\/td>\n<\/tr>\n<tr>\n<td class=\"thead\" colspan=\"9\">Image<b><\/b><\/td>\n<\/tr>\n<tr>\n<td>Mode d&rsquo;exposition<\/td>\n<td colspan=\"8\">Quatre modes\u00a0: Global (par d\u00e9faut), BLC, HLC, DWDR<\/td>\n<\/tr>\n<tr>\n<td>Jour\/Nuit<\/td>\n<td colspan=\"8\">Trois modes : Auto (par d\u00e9faut), Jour, Nuit<\/td>\n<\/tr>\n<tr>\n<td>R\u00e9duction du bruit num\u00e9rique<\/td>\n<td colspan=\"8\">2D\/3D<\/td>\n<\/tr>\n<tr>\n<td>Balance des blancs<\/td>\n<td colspan=\"8\">Deux modes : Auto (par d\u00e9faut), Manuel<\/td>\n<\/tr>\n<tr>\n<td>WDR<\/td>\n<td colspan=\"8\">DWDR<\/td>\n<\/tr>\n<tr>\n<td>IR intelligent<\/td>\n<td colspan=\"8\">Soutien<\/td>\n<\/tr>\n<tr>\n<td>Retourner<\/td>\n<td colspan=\"8\">Prend en charge le retournement horizontal \u00e0 180\u00b0 et le retournement vertical \u00e0 180\u00b0<\/td>\n<\/tr>\n<tr>\n<td>D\u00e9sembuage num\u00e9rique<\/td>\n<td colspan=\"8\">Soutien<\/td>\n<\/tr>\n<tr>\n<td class=\"thead\" colspan=\"9\">Audio<b><\/b><\/td>\n<\/tr>\n<tr>\n<td>Microphone int\u00e9gr\u00e9<\/td>\n<td colspan=\"8\">Soutien<\/td>\n<\/tr>\n<tr>\n<td>Audio de la cam\u00e9ra<\/td>\n<td colspan=\"8\">TVI\u00a0: 1080P \u00e0 25\u00a0ips, 1080P \u00e0 30\u00a0ips<br \/>\nCVI\u00a0: 1080P \u00e0 25\u00a0ips, 1080P \u00e0 30\u00a0ips<\/td>\n<\/tr>\n<tr>\n<td class=\"thead\" colspan=\"9\">Interface<b><\/b><\/td>\n<\/tr>\n<tr>\n<td>Interface d&rsquo;alimentation<\/td>\n<td colspan=\"8\">Interface d&rsquo;alimentation 5,5 mm<\/td>\n<\/tr>\n<tr>\n<td>Sortie vid\u00e9o<\/td>\n<td colspan=\"8\">BNC, prend en charge TVI\/AHD\/CVI\/CVBS<\/td>\n<\/tr>\n<tr>\n<td class=\"thead\" colspan=\"9\">Environnement d&rsquo;exploitation<b><\/b><\/td>\n<\/tr>\n<tr>\n<td>Temp\u00e9rature<\/td>\n<td colspan=\"8\">-30\u00b0C \u00e0 60\u00b0C (-22\u00b0F \u00e0 140\u00b0F)<\/td>\n<\/tr>\n<tr>\n<td>Humidit\u00e9<\/td>\n<td colspan=\"8\">\u2264 95 % HR (sans condensation)<\/td>\n<\/tr>\n<tr>\n<td>Protection contre les surtensions<\/td>\n<td colspan=\"8\">4 KV pour l&rsquo;alimentation, 4 KV pour les interfaces de sortie vid\u00e9o<\/td>\n<\/tr>\n<tr>\n<td>Protection contre les intrusions<\/td>\n<td colspan=\"8\">IP67<\/td>\n<\/tr>\n<tr>\n<td class=\"thead\" colspan=\"9\">G\u00e9n\u00e9ral<b><\/b><\/td>\n<\/tr>\n<tr>\n<td>Pouvoir<\/td>\n<td colspan=\"8\">CC 12 V \u00b1 25 %<\/td>\n<\/tr>\n<tr>\n<td>Consommation d&rsquo;\u00e9nergie<\/td>\n<td colspan=\"8\">MAX 3,2 W<\/td>\n<\/tr>\n<tr>\n<td>Monter<\/td>\n<td colspan=\"8\">Montage en coin, montage sur poteau<\/td>\n<\/tr>\n<tr>\n<td>Dimensions<\/td>\n<td colspan=\"8\">154 mm x 66 mm x 66 mm (L x l x H)<\/td>\n<\/tr>\n<tr>\n<td>Mat\u00e9riel<\/td>\n<td colspan=\"8\">Graph\u00e8ne + M\u00e9tal + Plastique<\/td>\n<\/tr>\n<tr>\n<td>Poids<\/td>\n<td colspan=\"8\">240 g (0,53 lb)<\/td>\n<\/tr>\n<\/tbody>\n<\/table>\n","protected":false},"excerpt":{"rendered":"<div class=\"tit-18 t2 col-222\" data-search=\"content\"><span>Cam\u00e9ra analogique Bullet IR fixe LightHunter 2\u00a0MP<\/span><\/div>\n<div class=\"tit-16 col-666\" data-search=\"content\"><span>\u2022 Imagerie de haute qualit\u00e9 avec une r\u00e9solution de 2 MP<\/span><br \/>\n<span>\u2022 TVI\/AHD\/CVI\/CVBS<\/span><br \/>\n<span>\u2022 Prend en charge le filtre IR-cut avec commutation automatique (ICR)<\/span><br \/>\n<span>\u2022 Surveillance LightHunter avec capteur haute sensibilit\u00e9<\/span><br \/>\n<span>\u2022 La technologie de r\u00e9duction du bruit 3D offre des images nettes et claires<\/span><br \/>\n<span>\u2022 Prend en charge le retournement horizontal \u00e0 180 \u00b0, le retournement vertical \u00e0 180 \u00b0<\/span><br \/>\n<span>\u2022 Menu de configuration OSD, facile \u00e0 utiliser<\/span><br \/>\n<span>\u2022 Conception \u00e9tanche \u00e0 l&rsquo;eau et \u00e0 la poussi\u00e8re IP67, haute fiabilit\u00e9<\/span><br \/>\n<span>\u2022 Menu de configuration OSD en 11 langues<\/span><br \/>\n<span>\u2022 Microphone int\u00e9gr\u00e9 pour une transmission audio de haute qualit\u00e9 via des c\u00e2bles coaxiaux<\/span><br \/>\n<span>\u2022 Prend en charge le d\u00e9sembuage num\u00e9rique<\/span><\/div>\n","protected":false},"featured_media":15003,"comment_status":"open","ping_status":"closed","template":"","meta":[],"product_cat":[238,236],"product_tag":[260],"class_list":{"0":"post-15002","1":"product","2":"type-product","3":"status-publish","4":"has-post-thumbnail","6":"product_cat-securite-surveillance","7":"product_cat-video-surveillance","8":"product_tag-hd-camera","9":"product_brand-uniview","11":"first","12":"instock","13":"taxable","14":"shipping-taxable","15":"product-type-simple"},"_links":{"self":[{"href":"https:\/\/www.safer-security.net\/index.php?rest_route=\/wp\/v2\/product\/15002","targetHints":{"allow":["GET"]}}],"collection":[{"href":"https:\/\/www.safer-security.net\/index.php?rest_route=\/wp\/v2\/product"}],"about":[{"href":"https:\/\/www.safer-security.net\/index.php?rest_route=\/wp\/v2\/types\/product"}],"replies":[{"embeddable":true,"href":"https:\/\/www.safer-security.net\/index.php?rest_route=%2Fwp%2Fv2%2Fcomments&post=15002"}],"version-history":[{"count":1,"href":"https:\/\/www.safer-security.net\/index.php?rest_route=\/wp\/v2\/product\/15002\/revisions"}],"predecessor-version":[{"id":15006,"href":"https:\/\/www.safer-security.net\/index.php?rest_route=\/wp\/v2\/product\/15002\/revisions\/15006"}],"wp:featuredmedia":[{"embeddable":true,"href":"https:\/\/www.safer-security.net\/index.php?rest_route=\/wp\/v2\/media\/15003"}],"wp:attachment":[{"href":"https:\/\/www.safer-security.net\/index.php?rest_route=%2Fwp%2Fv2%2Fmedia&parent=15002"}],"wp:term":[{"taxonomy":"product_cat","embeddable":true,"href":"https:\/\/www.safer-security.net\/index.php?rest_route=%2Fwp%2Fv2%2Fproduct_cat&post=15002"},{"taxonomy":"product_tag","embeddable":true,"href":"https:\/\/www.safer-security.net\/index.php?rest_route=%2Fwp%2Fv2%2Fproduct_tag&post=15002"}],"curies":[{"name":"wp","href":"https:\/\/api.w.org\/{rel}","templated":true}]}}