{"id":15026,"date":"2025-05-31T12:42:58","date_gmt":"2025-05-31T10:42:58","guid":{"rendered":"https:\/\/www.safer-security.net\/?post_type=product&#038;p=15026"},"modified":"2025-10-23T15:32:47","modified_gmt":"2025-10-23T13:32:47","slug":"uac-t142-af2840lm-dl","status":"publish","type":"product","link":"https:\/\/www.safer-security.net\/?product=uac-t142-af2840lm-dl","title":{"rendered":"UNV | CAMERA INT HD 2MP DUAL LIGHT IP67 DWDR 2.8MM IR40M"},"content":{"rendered":"<table width=\"100%\">\n<tbody>\n<tr>\n<td class=\"thead\" width=\"20%\"><b>Model<\/b><\/td>\n<td class=\"thead\" width=\"40%\"><b>UAC-T142-AF28LM-DL<\/b><\/td>\n<td class=\"thead\" width=\"40%\"><b>UAC-T142-AF40LM-DL<\/b><\/td>\n<\/tr>\n<tr>\n<td class=\"thead\" colspan=\"3\">Sensor<\/td>\n<\/tr>\n<tr>\n<td>Pixel<\/td>\n<td colspan=\"2\">2MP<\/td>\n<\/tr>\n<tr>\n<td>Size<\/td>\n<td colspan=\"2\">1\/3&Prime;<\/td>\n<\/tr>\n<tr>\n<td>Minimum illumination<\/td>\n<td colspan=\"2\">0.003 lux (F1.6, AGC ON)<br \/>\n0 lux (Illuminator ON)<\/td>\n<\/tr>\n<tr>\n<td class=\"thead\" colspan=\"3\">Lens<\/td>\n<\/tr>\n<tr>\n<td>Lens<\/td>\n<td>2.8mm<\/td>\n<td>4.0mm<\/td>\n<\/tr>\n<tr>\n<td>Lens mount<\/td>\n<td colspan=\"2\">M12<\/td>\n<\/tr>\n<tr>\n<td>Angle of view<\/td>\n<td>H: 100.9\u00b0\u00a0 V: 56.5\u00b0\u00a0 D: 121.8\u00b0<\/td>\n<td>H: 82.5\u00b0\u00a0 V: 42.1\u00b0\u00a0 D: 98.6\u00b0<\/td>\n<\/tr>\n<tr>\n<td class=\"thead\" colspan=\"3\">Illuminator<\/td>\n<\/tr>\n<tr>\n<td>Illuminator<\/td>\n<td colspan=\"2\">Two IR illuminators; Two white-light illuminators<\/td>\n<\/tr>\n<tr>\n<td>Illumination distance<\/td>\n<td colspan=\"2\">IR: 40m (131.23 ft)<br \/>\nWhite light: 40m (131.23ft)<\/td>\n<\/tr>\n<tr>\n<td>Lifetime<\/td>\n<td colspan=\"2\">\u226560,000 hours<\/td>\n<\/tr>\n<tr>\n<td class=\"thead\" colspan=\"3\">Video<\/td>\n<\/tr>\n<tr>\n<td>Resolution<\/td>\n<td colspan=\"2\">1080P: 1920(H)\u00d71080(V)<br \/>\n720P: 1280(H) \u00d7720(V)<\/td>\n<\/tr>\n<tr>\n<td>Frame rate<\/td>\n<td colspan=\"2\">TVI\/AHD\/CVI: 1080P@25fps (default TVI), 1080P@30fps; 720P@25fps, 720P@30fps<br \/>\nCVBS: PAL, NTSC<\/td>\n<\/tr>\n<tr>\n<td>Shutter time<\/td>\n<td colspan=\"2\" valign=\"top\">PAL: 1\/25s-1\/50000s<br \/>\nNTSC: 1\/30s\u20131\/50000s<\/td>\n<\/tr>\n<tr>\n<td class=\"thead\" colspan=\"3\">Image<\/td>\n<\/tr>\n<tr>\n<td valign=\"top\">Exposure mode<\/td>\n<td colspan=\"2\" valign=\"top\">Four modes: Global (default), BLC, HLC, DWDR<\/td>\n<\/tr>\n<tr>\n<td>Day\/Night<\/td>\n<td colspan=\"2\">Three modes: Auto (default), Day, Night<\/td>\n<\/tr>\n<tr>\n<td>Digital noise reduction<\/td>\n<td colspan=\"2\">2D\/3D<\/td>\n<\/tr>\n<tr>\n<td>White balance<\/td>\n<td colspan=\"2\">Two modes: Auto (default), Manual<\/td>\n<\/tr>\n<tr>\n<td>WDR<\/td>\n<td colspan=\"2\">DWDR<\/td>\n<\/tr>\n<tr>\n<td>Light mode<\/td>\n<td colspan=\"2\">Dual light (default), Infared, White light<\/td>\n<\/tr>\n<tr>\n<td>Flip<\/td>\n<td colspan=\"2\">Supports 180\u00b0 horizontal flip, 180\u00b0 vertical flip<\/td>\n<\/tr>\n<tr>\n<td>Defog<\/td>\n<td colspan=\"2\">NA<\/td>\n<\/tr>\n<tr>\n<td class=\"thead\" colspan=\"3\">Audio<\/td>\n<\/tr>\n<tr>\n<td>Microphone<\/td>\n<td colspan=\"2\">Built-in Mic<\/td>\n<\/tr>\n<tr>\n<td>Camera audio<\/td>\n<td colspan=\"2\">TVI: 1080P@25fps, 1080P@30fps<br \/>\nCVI: 1080P@25fps, 1080P@30fps<\/td>\n<\/tr>\n<tr>\n<td class=\"thead\" colspan=\"3\">Interface<\/td>\n<\/tr>\n<tr>\n<td>Power<\/td>\n<td colspan=\"2\">5.5mm power interface<\/td>\n<\/tr>\n<tr>\n<td>Video output<\/td>\n<td colspan=\"2\">BNC, supports TVI\/AHD\/CVI\/CVBS<\/td>\n<\/tr>\n<tr>\n<td class=\"thead\" colspan=\"3\">Operating environment<\/td>\n<\/tr>\n<tr>\n<td>Temperature<\/td>\n<td colspan=\"2\">-30\u00b0C to 60\u00b0C (-22\u00b0F to 140\u00b0F)<\/td>\n<\/tr>\n<tr>\n<td>Humidity<\/td>\n<td colspan=\"2\">\u226495% (RH, non-condensing)<\/td>\n<\/tr>\n<tr>\n<td>Surge protection<\/td>\n<td colspan=\"2\">4kV<\/td>\n<\/tr>\n<tr>\n<td class=\"thead\" colspan=\"3\">General<\/td>\n<\/tr>\n<tr>\n<td>Power<\/td>\n<td colspan=\"2\">DC 12V (\u00b125%), with reverse polarity protection, Max 3.6W<\/td>\n<\/tr>\n<tr>\n<td>Mount<\/td>\n<td colspan=\"2\">Surface mount (default), optional backbox, wall mount bracket<\/td>\n<\/tr>\n<tr>\n<td>Dimensions<\/td>\n<td colspan=\"2\">\u03a6117.8mm*96.5mm (diameter*height)<\/td>\n<\/tr>\n<tr>\n<td>Material<\/td>\n<td colspan=\"2\">Metal+Plastic<\/td>\n<\/tr>\n<tr>\n<td>Weight<\/td>\n<td colspan=\"2\">238g (0.52lb)<\/td>\n<\/tr>\n<tr>\n<td>OSD menu language<\/td>\n<td colspan=\"2\">11 Languages<br \/>\nEnglish, German, Spanish(Latin America), French, Italian, Japanese, Korean, Polish, Portuguese(Brazil), Russian, Turkish<\/td>\n<\/tr>\n<tr>\n<td class=\"thead\" colspan=\"3\">Certification<\/td>\n<\/tr>\n<tr>\n<td>EMC<\/td>\n<td colspan=\"2\">CE-EMC (EN 55032,EN 61000-3-3,EN IEC 61000-3-2,EN 55035)<br \/>\nFCC (FCC 47 CFR part15 B)<\/td>\n<\/tr>\n<tr>\n<td>Safety<\/td>\n<td colspan=\"2\">CE-LVD (EN 62368-1)<\/td>\n<\/tr>\n<tr>\n<td>Environment<\/td>\n<td colspan=\"2\">CE-RoHS (2011\/65\/EU;(EU)2015\/863); WEEE (2012\/19\/EU)<\/td>\n<\/tr>\n<tr>\n<td>Protection<\/td>\n<td colspan=\"2\">IP67 (IEC 60529)<\/td>\n<\/tr>\n<\/tbody>\n<\/table>\n","protected":false},"excerpt":{"rendered":"<div class=\"tit-18 t2 col-222\" data-search=\"content\">\n<div class=\"tit-18 t2 col-222\" data-search=\"content\"><span dir=\"auto\">Cam\u00e9ra analogique ColorHunter 2\u00a0MP avec tourelle \u00e0 double \u00e9clairage intelligente<\/span><\/div>\n<div class=\"tit-16 col-666\" data-search=\"content\"><span dir=\"auto\">\u2022 Imagerie de haute qualit\u00e9 avec une r\u00e9solution de 2 MP<\/span><br \/>\n<span dir=\"auto\">\u2022 TVI\/AHD\/CVI\/CVBS<\/span><br \/>\n<span dir=\"auto\">\u2022 Prend en charge le filtre IR-cut avec commutation automatique (ICR)<\/span><br \/>\n<span dir=\"auto\">\u2022 Smart Dual Light<\/span><br \/>\n<span dir=\"auto\">\u2022 La technologie de r\u00e9duction du bruit 3D offre des images nettes et claires<\/span><br \/>\n<span dir=\"auto\">\u2022 Prend en charge le retournement horizontal \u00e0 180 \u00b0, le retournement vertical \u00e0 180 \u00b0<\/span><br \/>\n<span dir=\"auto\">\u2022 Menu de configuration OSD, facile \u00e0 utiliser<\/span><br \/>\n<span dir=\"auto\">\u2022 Conception \u00e9tanche \u00e0 l&rsquo;eau et \u00e0 la poussi\u00e8re IP67, haute fiabilit\u00e9<\/span><br \/>\n<span dir=\"auto\">\u2022 Menu de configuration OSD en 11 langues<\/span><br \/>\n<span dir=\"auto\">\u2022 Microphone int\u00e9gr\u00e9 pour une transmission audio de haute qualit\u00e9 via des c\u00e2bles coaxiaux<\/span><\/div>\n<\/div>\n","protected":false},"featured_media":15030,"comment_status":"open","ping_status":"closed","template":"","meta":[],"product_cat":[238,236],"product_tag":[260],"class_list":{"0":"post-15026","1":"product","2":"type-product","3":"status-publish","4":"has-post-thumbnail","6":"product_cat-securite-surveillance","7":"product_cat-video-surveillance","8":"product_tag-hd-camera","9":"product_brand-uniview","11":"first","12":"instock","13":"taxable","14":"shipping-taxable","15":"product-type-simple"},"_links":{"self":[{"href":"https:\/\/www.safer-security.net\/index.php?rest_route=\/wp\/v2\/product\/15026","targetHints":{"allow":["GET"]}}],"collection":[{"href":"https:\/\/www.safer-security.net\/index.php?rest_route=\/wp\/v2\/product"}],"about":[{"href":"https:\/\/www.safer-security.net\/index.php?rest_route=\/wp\/v2\/types\/product"}],"replies":[{"embeddable":true,"href":"https:\/\/www.safer-security.net\/index.php?rest_route=%2Fwp%2Fv2%2Fcomments&post=15026"}],"version-history":[{"count":3,"href":"https:\/\/www.safer-security.net\/index.php?rest_route=\/wp\/v2\/product\/15026\/revisions"}],"predecessor-version":[{"id":15128,"href":"https:\/\/www.safer-security.net\/index.php?rest_route=\/wp\/v2\/product\/15026\/revisions\/15128"}],"wp:featuredmedia":[{"embeddable":true,"href":"https:\/\/www.safer-security.net\/index.php?rest_route=\/wp\/v2\/media\/15030"}],"wp:attachment":[{"href":"https:\/\/www.safer-security.net\/index.php?rest_route=%2Fwp%2Fv2%2Fmedia&parent=15026"}],"wp:term":[{"taxonomy":"product_cat","embeddable":true,"href":"https:\/\/www.safer-security.net\/index.php?rest_route=%2Fwp%2Fv2%2Fproduct_cat&post=15026"},{"taxonomy":"product_tag","embeddable":true,"href":"https:\/\/www.safer-security.net\/index.php?rest_route=%2Fwp%2Fv2%2Fproduct_tag&post=15026"}],"curies":[{"name":"wp","href":"https:\/\/api.w.org\/{rel}","templated":true}]}}