{"id":15092,"date":"2025-10-21T16:15:01","date_gmt":"2025-10-21T14:15:01","guid":{"rendered":"https:\/\/www.safer-security.net\/?post_type=product&#038;p=15092"},"modified":"2025-10-21T16:15:01","modified_gmt":"2025-10-21T14:15:01","slug":"tiandy-camera-dome-2mp-poe-ir30m-micro","status":"publish","type":"product","link":"https:\/\/www.safer-security.net\/?product=tiandy-camera-dome-2mp-poe-ir30m-micro","title":{"rendered":"TIANDY | CAMERA DOME 2MP POE IR30M MICRO"},"content":{"rendered":"<table class=\"detailTable\" width=\"906\">\n<tbody>\n<tr class=\"param_row firsmenu_row firstRow\">\n<td class=\"param_left firsmenu_left\" width=\"226\"><span dir=\"auto\">Cam\u00e9ra<\/span><\/td>\n<td class=\"param_right firsmenu_right\" width=\"679\"><span dir=\"auto\">TC-C320N<\/span><\/td>\n<\/tr>\n<tr class=\"param_row secondmenu_row\">\n<td class=\"param_left secondmenu_left\" width=\"226\"><span dir=\"auto\">Capteur d&rsquo;image<\/span><\/td>\n<td class=\"param_right second_common\" width=\"679\"><span dir=\"auto\">CMOS 1\/3\u2033<\/span><\/td>\n<\/tr>\n<tr class=\"param_row secondmenu_row\">\n<td class=\"param_left secondmenu_left\" width=\"226\"><span dir=\"auto\">\u00c9clairage minimal<\/span><\/td>\n<td class=\"param_right secondmenu_right second_common\" width=\"679\"><span dir=\"auto\">Couleur\u00a0: 0,02\u00a0lux \u00e0 (F2.0, AGC activ\u00e9), noir et blanc\u00a0: 0\u00a0lux avec IR<\/span><\/td>\n<\/tr>\n<tr class=\"param_row secondmenu_row\">\n<td class=\"param_left secondmenu_left\" width=\"226\"><span dir=\"auto\">Temps d&rsquo;obturation<\/span><\/td>\n<td class=\"param_right second_common\" width=\"679\"><span dir=\"auto\">1 s \u00e0 1\/100 000 s<\/span><\/td>\n<\/tr>\n<tr class=\"param_row secondmenu_row\">\n<td class=\"param_left secondmenu_left\" width=\"226\"><span dir=\"auto\">Jour et nuit<\/span><\/td>\n<td class=\"param_right secondmenu_right second_common\" width=\"679\"><span dir=\"auto\">Filtre IR-cut avec commutateur automatique (ICR)<\/span><\/td>\n<\/tr>\n<tr class=\"param_row secondmenu_row\">\n<td class=\"param_left secondmenu_left\" width=\"226\"><span dir=\"auto\">IR intelligent<\/span><\/td>\n<td class=\"param_right second_common\" width=\"679\"><span dir=\"auto\">Oui<\/span><\/td>\n<\/tr>\n<tr class=\"param_row secondmenu_row\">\n<td class=\"param_left secondmenu_left\" width=\"226\"><span dir=\"auto\">WDR<\/span><\/td>\n<td class=\"param_right secondmenu_right second_common\" width=\"679\"><span dir=\"auto\">DWDR<\/span><\/td>\n<\/tr>\n<tr class=\"param_row secondmenu_row\">\n<td class=\"param_left secondmenu_left\" width=\"226\"><span dir=\"auto\">Num\u00e9ro de s\u00e9rie<\/span><\/td>\n<td class=\"param_right second_common\" width=\"679\"><span dir=\"auto\">&gt;47,8 dB<\/span><\/td>\n<\/tr>\n<tr class=\"param_row secondmenu_row\">\n<td class=\"param_left secondmenu_left\" width=\"226\"><span dir=\"auto\">R\u00e9glage de l&rsquo;angle<\/span><\/td>\n<td class=\"param_right secondmenu_right second_common\" width=\"679\"><span dir=\"auto\">0~340\u00b0(P); 0~75\u00b0(T); 0~360\u00b0(R)<\/span><\/td>\n<\/tr>\n<tr class=\"param_row firsmenu_row\">\n<td class=\"param_left firsmenu_left\" width=\"226\"><span dir=\"auto\">Lentille<\/span><\/td>\n<td class=\"param_right firsmenu_right\" width=\"679\"><\/td>\n<\/tr>\n<tr class=\"param_row secondmenu_row\">\n<td class=\"param_left secondmenu_left\" width=\"226\"><span dir=\"auto\">Type d&rsquo;objectif<\/span><\/td>\n<td class=\"param_right secondmenu_right second_common\" width=\"679\"><span dir=\"auto\">Objectif \u00e0 focale fixe<\/span><\/td>\n<\/tr>\n<tr class=\"param_row secondmenu_row\">\n<td class=\"param_left secondmenu_left\" width=\"226\"><span dir=\"auto\">Distance focale<\/span><\/td>\n<td class=\"param_right second_common\" width=\"679\"><span dir=\"auto\">2,8 mm<\/span><\/td>\n<\/tr>\n<tr class=\"param_row secondmenu_row\">\n<td class=\"param_left secondmenu_left\" width=\"226\"><span dir=\"auto\">Monture d&rsquo;objectif<\/span><\/td>\n<td class=\"param_right secondmenu_right second_common\" width=\"679\"><span dir=\"auto\">M12<\/span><\/td>\n<\/tr>\n<tr class=\"param_row secondmenu_row\">\n<td class=\"param_left secondmenu_left\" width=\"226\"><span dir=\"auto\">Plage d&rsquo;ouverture<\/span><\/td>\n<td class=\"param_right second_common\" width=\"679\"><span dir=\"auto\">F2.0<\/span><\/td>\n<\/tr>\n<tr class=\"param_row secondmenu_row\">\n<td class=\"param_left secondmenu_left\" width=\"226\"><span dir=\"auto\">Type d&rsquo;ouverture<\/span><\/td>\n<td class=\"param_right secondmenu_right second_common\" width=\"679\"><span dir=\"auto\">Fix\u00e9<\/span><\/td>\n<\/tr>\n<tr class=\"param_row secondmenu_row\">\n<td class=\"param_left secondmenu_left\" width=\"226\"><span dir=\"auto\">Champ de vision<\/span><\/td>\n<td class=\"param_right second_common\" width=\"679\"><span dir=\"auto\">94,4\u00b0(H); 53,2\u00b0(V); 108,2\u00b0(D)<\/span><\/td>\n<\/tr>\n<tr class=\"param_row secondmenu_row\">\n<td class=\"param_left secondmenu_left\" width=\"226\"><span dir=\"auto\">Distance DORI<\/span><\/td>\n<td class=\"param_right secondmenu_right second_common\" width=\"679\"><span dir=\"auto\">D\u00e9tection\u00a0: 41,48\u00a0m Observation\u00a0: 16,46\u00a0m Reconnaissance\u00a0: 8,3\u00a0m Identification\u00a0: 4,1\u00a0m<\/span><\/td>\n<\/tr>\n<tr class=\"param_row firsmenu_row\">\n<td class=\"param_left firsmenu_left\" width=\"226\"><span dir=\"auto\">Illuminateur<\/span><\/td>\n<td class=\"param_right firsmenu_right\" width=\"679\"><\/td>\n<\/tr>\n<tr class=\"param_row secondmenu_row\">\n<td class=\"param_left secondmenu_left\" width=\"226\"><span dir=\"auto\">LED IR<\/span><\/td>\n<td class=\"param_right secondmenu_right second_common\" width=\"679\"><span dir=\"auto\">1<\/span><\/td>\n<\/tr>\n<tr class=\"param_row secondmenu_row\">\n<td class=\"param_left secondmenu_left\" width=\"226\"><span dir=\"auto\">Distance IR<\/span><\/td>\n<td class=\"param_right second_common\" width=\"679\"><span dir=\"auto\">Jusqu&rsquo;\u00e0 30 m<\/span><\/td>\n<\/tr>\n<tr class=\"param_row secondmenu_row\">\n<td class=\"param_left secondmenu_left\" width=\"226\"><span dir=\"auto\">Longueur d&rsquo;onde<\/span><\/td>\n<td class=\"param_right secondmenu_right second_common\" width=\"679\"><span dir=\"auto\">850 nm<\/span><\/td>\n<\/tr>\n<tr class=\"param_row firsmenu_row\">\n<td class=\"param_left firsmenu_left\" width=\"226\"><span dir=\"auto\">Norme de compression<\/span><\/td>\n<td class=\"param_right firsmenu_right\" width=\"679\"><\/td>\n<\/tr>\n<tr class=\"param_row secondmenu_row\">\n<td class=\"param_left secondmenu_left\" width=\"226\"><span dir=\"auto\">Compression vid\u00e9o<\/span><\/td>\n<td class=\"param_right secondmenu_right second_common\" width=\"679\"><span dir=\"auto\">S+265\/H.265\/H.264B\/H.264M\/H.264H<\/span><\/td>\n<\/tr>\n<tr class=\"param_row secondmenu_row\">\n<td class=\"param_left secondmenu_left\" width=\"226\"><span dir=\"auto\">D\u00e9bit binaire vid\u00e9o<\/span><\/td>\n<td class=\"param_right second_common\" width=\"679\"><span dir=\"auto\">32k~4Mbps<\/span><\/td>\n<\/tr>\n<tr class=\"param_row secondmenu_row\">\n<td class=\"param_left secondmenu_left\" width=\"226\"><span dir=\"auto\">Compression audio<\/span><\/td>\n<td class=\"param_right secondmenu_right second_common\" width=\"679\"><span dir=\"auto\">G.711A\/G.711U<\/span><\/td>\n<\/tr>\n<tr class=\"param_row secondmenu_row\">\n<td class=\"param_left secondmenu_left\" width=\"226\"><span dir=\"auto\">Taux d&rsquo;\u00e9chantillonnage audio<\/span><\/td>\n<td class=\"param_right second_common\" width=\"679\"><span dir=\"auto\">8 kHz<\/span><\/td>\n<\/tr>\n<tr class=\"param_row firsmenu_row\">\n<td class=\"param_left firsmenu_left\" width=\"226\"><span dir=\"auto\">Image<\/span><\/td>\n<td class=\"param_right firsmenu_right\" width=\"679\"><\/td>\n<\/tr>\n<tr class=\"param_row secondmenu_row\">\n<td class=\"param_left secondmenu_left\" width=\"226\"><span dir=\"auto\">R\u00e9solution maximale<\/span><\/td>\n<td class=\"param_right second_common\" width=\"679\"><span dir=\"auto\">2\u00a0MP, 1\u00a0920 \u00d7 1\u00a0080 \u00e0 30\u00a0ips<\/span><\/td>\n<\/tr>\n<tr class=\"param_row secondmenu_row\">\n<td class=\"param_left secondmenu_left\" width=\"226\"><span dir=\"auto\">Grand public<\/span><\/td>\n<td class=\"param_right secondmenu_right second_common\" width=\"679\"><span dir=\"auto\">PAL\u00a0: 25\u00a0ips (1\u00a0920\u00a0\u00d7\u00a01\u00a0080, 1\u00a0280\u00a0\u00d7\u00a0720, 704\u00a0\u00d7\u00a0576, 640\u00a0\u00d7\u00a0480) NTSC\u00a0: 30\u00a0ips (1\u00a0920\u00a0\u00d7\u00a01\u00a0080, 1\u00a0280\u00a0\u00d7\u00a0720, 704\u00a0\u00d7\u00a0480, 640\u00a0\u00d7\u00a0480)<\/span><\/td>\n<\/tr>\n<tr class=\"param_row secondmenu_row\">\n<td class=\"param_left secondmenu_left\" width=\"226\"><span dir=\"auto\">Sous-flux<\/span><\/td>\n<td class=\"param_right second_common\" width=\"679\"><span dir=\"auto\">PAL\u00a0: 25\u00a0ips (704\u00a0\u00d7\u00a0576, 704\u00a0\u00d7\u00a0288, 640\u00a0\u00d7\u00a0360, 352\u00a0\u00d7\u00a0288) NTSC\u00a0: 30\u00a0ips (704\u00a0\u00d7\u00a0480, 704\u00a0\u00d7\u00a0240, 640\u00a0\u00d7\u00a0360, 352\u00a0\u00d7\u00a0240)<\/span><\/td>\n<\/tr>\n<tr class=\"param_row secondmenu_row\">\n<td class=\"param_left secondmenu_left\" width=\"226\"><span dir=\"auto\">BLC<\/span><\/td>\n<td class=\"param_right secondmenu_right second_common\" width=\"679\"><span dir=\"auto\">Oui<\/span><\/td>\n<\/tr>\n<tr class=\"param_row secondmenu_row\">\n<td class=\"param_left secondmenu_left\" width=\"226\"><span dir=\"auto\">HLC<\/span><\/td>\n<td class=\"param_right second_common\" width=\"679\"><span dir=\"auto\">Oui<\/span><\/td>\n<\/tr>\n<tr class=\"param_row secondmenu_row\">\n<td class=\"param_left secondmenu_left\" width=\"226\"><span dir=\"auto\">AGC<\/span><\/td>\n<td class=\"param_right secondmenu_right second_common\" width=\"679\"><span dir=\"auto\">Oui<\/span><\/td>\n<\/tr>\n<tr class=\"param_row secondmenu_row\">\n<td class=\"param_left secondmenu_left\" width=\"226\"><span dir=\"auto\">DNR 3D<\/span><\/td>\n<td class=\"param_right second_common\" width=\"679\"><span dir=\"auto\">Oui<\/span><\/td>\n<\/tr>\n<tr class=\"param_row secondmenu_row\">\n<td class=\"param_left secondmenu_left\" width=\"226\"><span dir=\"auto\">Balance des blancs<\/span><\/td>\n<td class=\"param_right secondmenu_right second_common\" width=\"679\"><span dir=\"auto\">Auto\/Semi-auto\/Manuel\/Soleil\/Lumi\u00e8re naturelle\/Lampe chaude\/Lampe lumi\u00e8re du jour\/Lampe \u00e0 filament\/Verrouillage de la balance des blancs<\/span><\/td>\n<\/tr>\n<tr class=\"param_row secondmenu_row\">\n<td class=\"param_left secondmenu_left\" width=\"226\"><span dir=\"auto\">OSD<\/span><\/td>\n<td class=\"param_right second_common\" width=\"679\"><span dir=\"auto\">Superposition de caract\u00e8res suppl\u00e9mentaires dans 1 r\u00e9gion, 1 ligne, avec un maximum de 48 caract\u00e8res ou 16 caract\u00e8res chinois par r\u00e9gion\u00a0; 16*16\/32*32\/48*48<\/span><\/td>\n<\/tr>\n<tr class=\"param_row secondmenu_row\">\n<td class=\"param_left secondmenu_left\" width=\"226\"><span dir=\"auto\">Masque de confidentialit\u00e9<\/span><\/td>\n<td class=\"param_right secondmenu_right second_common\" width=\"679\"><span dir=\"auto\">4 zones statiques noires<\/span><\/td>\n<\/tr>\n<tr class=\"param_row secondmenu_row\">\n<td class=\"param_left secondmenu_left\" width=\"226\"><span dir=\"auto\">D\u00e9sembuage<\/span><\/td>\n<td class=\"param_right second_common\" width=\"679\"><span dir=\"auto\">Oui<\/span><\/td>\n<\/tr>\n<tr class=\"param_row firsmenu_row\">\n<td class=\"param_left firsmenu_left\" width=\"226\"><span dir=\"auto\">Fonctionnalit\u00e9<\/span><\/td>\n<td class=\"param_right firsmenu_right\" width=\"679\"><\/td>\n<\/tr>\n<tr class=\"param_row secondmenu_row\">\n<td class=\"param_left secondmenu_left\" width=\"226\"><span dir=\"auto\">Alarme g\u00e9n\u00e9rale<\/span><\/td>\n<td class=\"param_right second_common\" width=\"679\"><span dir=\"auto\">D\u00e9tection de mouvement<\/span><\/td>\n<\/tr>\n<tr class=\"param_row secondmenu_row\">\n<td class=\"param_left secondmenu_left\" width=\"226\"><span dir=\"auto\">Alarme d&rsquo;exceptions<\/span><\/td>\n<td class=\"param_right secondmenu_right second_common\" width=\"679\"><span dir=\"auto\">Conflit d&rsquo;adresse IP<\/span><\/td>\n<\/tr>\n<tr class=\"param_row firsmenu_row\">\n<td class=\"param_left firsmenu_left\" width=\"226\"><span dir=\"auto\">R\u00e9seau<\/span><\/td>\n<td class=\"param_right firsmenu_right\" width=\"679\"><\/td>\n<\/tr>\n<tr class=\"param_row secondmenu_row\">\n<td class=\"param_left secondmenu_left\" width=\"226\"><span dir=\"auto\">Protocoles<\/span><\/td>\n<td class=\"param_right secondmenu_right second_common\" width=\"679\"><span dir=\"auto\">HTTP\u00a0; TCP\/IP\u00a0; UDP\u00a0; ICMP\u00a0; DHCP\u00a0; DNS\u00a0; NTP\u00a0; IPv4\u00a0; Telnet\u00a0; Monodiffusion\u00a0; RTSP<\/span><\/td>\n<\/tr>\n<tr class=\"param_row secondmenu_row\">\n<td class=\"param_left secondmenu_left\" width=\"226\"><span dir=\"auto\">Compatibilit\u00e9 du syst\u00e8me<\/span><\/td>\n<td class=\"param_right second_common\" width=\"679\"><span dir=\"auto\">ONVIF (Profil S\/T) ; SDK ; CGI ; Milestone ; RTSP<\/span><\/td>\n<\/tr>\n<tr class=\"param_row secondmenu_row\">\n<td class=\"param_left secondmenu_left\" width=\"226\"><span dir=\"auto\">Connexion \u00e0 distance<\/span><\/td>\n<td class=\"param_right secondmenu_right second_common\" width=\"679\"><span dir=\"auto\">\u22642<\/span><\/td>\n<\/tr>\n<tr class=\"param_row secondmenu_row\">\n<td class=\"param_left secondmenu_left\" width=\"226\"><span dir=\"auto\">Client<\/span><\/td>\n<td class=\"param_right second_common\" width=\"679\"><span dir=\"auto\">Easy7 VMS<\/span><\/td>\n<\/tr>\n<tr class=\"param_row secondmenu_row\">\n<td class=\"param_left secondmenu_left\" width=\"226\"><span dir=\"auto\">Web<\/span><\/td>\n<td class=\"param_right secondmenu_right second_common\" width=\"679\"><span dir=\"auto\">IE10+; Firefox52+; Edge89+; Safari11+; Chrome57+<\/span><\/td>\n<\/tr>\n<tr class=\"param_row firsmenu_row\">\n<td class=\"param_left firsmenu_left\" width=\"226\"><span dir=\"auto\">Interface<\/span><\/td>\n<td class=\"param_right firsmenu_right\" width=\"679\"><\/td>\n<\/tr>\n<tr class=\"param_row secondmenu_row\">\n<td class=\"param_left secondmenu_left\" width=\"226\"><span dir=\"auto\">Interface de communication<\/span><\/td>\n<td class=\"param_right secondmenu_right second_common\" width=\"679\"><span dir=\"auto\">1*RJ-45 (10\/100 Base-T)<\/span><\/td>\n<\/tr>\n<tr class=\"param_row secondmenu_row\">\n<td class=\"param_left secondmenu_left\" width=\"226\"><span dir=\"auto\">Microphone int\u00e9gr\u00e9<\/span><\/td>\n<td class=\"param_right second_common\" width=\"679\"><span dir=\"auto\">Oui<\/span><\/td>\n<\/tr>\n<tr class=\"param_row firsmenu_row\">\n<td class=\"param_left firsmenu_left\" width=\"226\"><span dir=\"auto\">G\u00e9n\u00e9ral<\/span><\/td>\n<td class=\"param_right firsmenu_right\" width=\"679\"><\/td>\n<\/tr>\n<tr class=\"param_row secondmenu_row\">\n<td class=\"param_left secondmenu_left\" width=\"226\"><span dir=\"auto\">Langue du client Web<\/span><\/td>\n<td class=\"param_right second_common\" width=\"679\"><span dir=\"auto\">Anglais<\/span><\/td>\n<\/tr>\n<tr class=\"param_row secondmenu_row\">\n<td class=\"param_left secondmenu_left\" width=\"226\"><span dir=\"auto\">Temp\u00e9rature de fonctionnement<\/span><\/td>\n<td class=\"param_right secondmenu_right second_common\" width=\"679\"><span dir=\"auto\">-30\u2103~60\u2103(-22\u2109~140\u2109)<\/span><\/td>\n<\/tr>\n<tr class=\"param_row secondmenu_row\">\n<td class=\"param_left secondmenu_left\" width=\"226\"><span dir=\"auto\">Humidit\u00e9 de fonctionnement<\/span><\/td>\n<td class=\"param_right second_common\" width=\"679\"><span dir=\"auto\">\u2264 95 % HR<\/span><\/td>\n<\/tr>\n<tr class=\"param_row secondmenu_row\">\n<td class=\"param_left secondmenu_left\" width=\"226\"><span dir=\"auto\">Temp\u00e9rature de stockage<\/span><\/td>\n<td class=\"param_right secondmenu_right second_common\" width=\"679\"><span dir=\"auto\">-30\u2103~60\u2103(-22\u2109~140\u2109)<\/span><\/td>\n<\/tr>\n<tr class=\"param_row secondmenu_row\">\n<td class=\"param_left secondmenu_left\" width=\"226\"><span dir=\"auto\">Humidit\u00e9 de stockage<\/span><\/td>\n<td class=\"param_right second_common\" width=\"679\"><span dir=\"auto\">10%~95% HR (sans condensation)<\/span><\/td>\n<\/tr>\n<tr class=\"param_row secondmenu_row\">\n<td class=\"param_left secondmenu_left\" width=\"226\"><span dir=\"auto\">Alimentation \u00e9lectrique<\/span><\/td>\n<td class=\"param_right secondmenu_right second_common\" width=\"679\"><span dir=\"auto\">PoE\u00a0: IEEE 802.3af, max. 2,5\u00a0W<\/span><\/td>\n<\/tr>\n<tr class=\"param_row secondmenu_row\">\n<td class=\"param_left secondmenu_left\" width=\"226\"><span dir=\"auto\">Protection<\/span><\/td>\n<td class=\"param_right second_common\" width=\"679\"><span dir=\"auto\">Surtension 4\u00a0000 V\u00a0; ESD 6\u00a0000 V<\/span><\/td>\n<\/tr>\n<tr class=\"param_row secondmenu_row\">\n<td class=\"param_left secondmenu_left\" width=\"226\"><span dir=\"auto\">Dimensions des limites<\/span><\/td>\n<td class=\"param_right secondmenu_right second_common\" width=\"679\"><span dir=\"auto\">94(L)94(l)78(H)mm<\/span><\/td>\n<\/tr>\n<tr class=\"param_row secondmenu_row\">\n<td class=\"param_left secondmenu_left\" width=\"226\"><span dir=\"auto\">Dimensions du colis<\/span><\/td>\n<td class=\"param_right second_common\" width=\"679\"><span dir=\"auto\">105(L)105(l)85(H)mm<\/span><\/td>\n<\/tr>\n<tr class=\"param_row secondmenu_row\">\n<td class=\"param_left secondmenu_left\" width=\"226\"><span dir=\"auto\">Poids brut<\/span><\/td>\n<td class=\"param_right secondmenu_right second_common\" width=\"679\"><span dir=\"auto\">0,17 kg<\/span><\/td>\n<\/tr>\n<\/tbody>\n<\/table>\n","protected":false},"excerpt":{"rendered":"<ul>\n<li><span dir=\"auto\">Bo\u00eetier en plastique<\/span><\/li>\n<li><span dir=\"auto\">Jusqu&rsquo;\u00e0 2\u00a0MP, 1\u00a0920\u00a0\u00d7\u00a01\u00a0080 \u00e0 30\u00a0ips<\/span><\/li>\n<li><span dir=\"auto\">S+265\/H.265\/H.264B\/H.264M\/H.264H<\/span><\/li>\n<li><span dir=\"auto\">Couleur\u00a0: 0,02\u00a0lux \u00e0 (F2.0, AGC activ\u00e9), noir et blanc\u00a0: 0\u00a0lux avec IR<\/span><\/li>\n<li><span dir=\"auto\">Port\u00e9e IR jusqu&rsquo;\u00e0 30 m<\/span><\/li>\n<li><span dir=\"auto\">Microphone int\u00e9gr\u00e9<\/span><\/li>\n<li><span dir=\"auto\">Conditions de fonctionnement -30\u2103~60\u2103(-22\u2109~140\u2109), \u226495%HR<\/span><\/li>\n<li><span dir=\"auto\">PoE\u00a0: IEEE 802.3af, max. 2,5\u00a0W<\/span><\/li>\n<\/ul>\n","protected":false},"featured_media":15093,"comment_status":"open","ping_status":"closed","template":"","meta":[],"product_cat":[238,236],"product_tag":[259],"class_list":{"0":"post-15092","1":"product","2":"type-product","3":"status-publish","4":"has-post-thumbnail","6":"product_cat-securite-surveillance","7":"product_cat-video-surveillance","8":"product_tag-ip-camera","9":"product_brand-tiandy","11":"first","12":"instock","13":"taxable","14":"shipping-taxable","15":"product-type-simple"},"_links":{"self":[{"href":"https:\/\/www.safer-security.net\/index.php?rest_route=\/wp\/v2\/product\/15092","targetHints":{"allow":["GET"]}}],"collection":[{"href":"https:\/\/www.safer-security.net\/index.php?rest_route=\/wp\/v2\/product"}],"about":[{"href":"https:\/\/www.safer-security.net\/index.php?rest_route=\/wp\/v2\/types\/product"}],"replies":[{"embeddable":true,"href":"https:\/\/www.safer-security.net\/index.php?rest_route=%2Fwp%2Fv2%2Fcomments&post=15092"}],"version-history":[{"count":1,"href":"https:\/\/www.safer-security.net\/index.php?rest_route=\/wp\/v2\/product\/15092\/revisions"}],"predecessor-version":[{"id":15094,"href":"https:\/\/www.safer-security.net\/index.php?rest_route=\/wp\/v2\/product\/15092\/revisions\/15094"}],"wp:featuredmedia":[{"embeddable":true,"href":"https:\/\/www.safer-security.net\/index.php?rest_route=\/wp\/v2\/media\/15093"}],"wp:attachment":[{"href":"https:\/\/www.safer-security.net\/index.php?rest_route=%2Fwp%2Fv2%2Fmedia&parent=15092"}],"wp:term":[{"taxonomy":"product_cat","embeddable":true,"href":"https:\/\/www.safer-security.net\/index.php?rest_route=%2Fwp%2Fv2%2Fproduct_cat&post=15092"},{"taxonomy":"product_tag","embeddable":true,"href":"https:\/\/www.safer-security.net\/index.php?rest_route=%2Fwp%2Fv2%2Fproduct_tag&post=15092"}],"curies":[{"name":"wp","href":"https:\/\/api.w.org\/{rel}","templated":true}]}}